{"id":273,"date":"2024-06-05T08:27:06","date_gmt":"2024-06-05T08:27:06","guid":{"rendered":"https:\/\/staging.capannamotterascio.casticino.ch\/?page_id=273"},"modified":"2026-01-28T15:53:41","modified_gmt":"2026-01-28T15:53:41","slug":"trekking-greina-alta-di-3-giorni","status":"publish","type":"page","link":"https:\/\/capannamotterascio.casticino.ch\/?page_id=273","title":{"rendered":"Trekking Greina Alta di 3 giorni"},"content":{"rendered":"\n<div class=\"wp-block-stackable-card stk-block-card stk-block stk-b9fb092 is-style-default\" data-v=\"2\" data-block-id=\"b9fb092\"><div class=\"stk--no-padding stk-container stk-b9fb092-container stk-hover-parent\"><figure class=\"stk-block-card__image stk-img-wrapper stk-image--shape-stretch\"><img loading=\"lazy\" decoding=\"async\" class=\"stk-img wp-image-278\" src=\"https:\/\/staging.capannamotterascio.casticino.ch\/wp-content\/uploads\/2024\/06\/greina_alta_01.png\" width=\"987\" height=\"640\" srcset=\"https:\/\/capannamotterascio.casticino.ch\/wp-content\/uploads\/2024\/06\/greina_alta_01.png 987w, https:\/\/capannamotterascio.casticino.ch\/wp-content\/uploads\/2024\/06\/greina_alta_01-300x195.png 300w, https:\/\/capannamotterascio.casticino.ch\/wp-content\/uploads\/2024\/06\/greina_alta_01-768x498.png 768w\" sizes=\"auto, (max-width: 987px) 100vw, 987px\" \/><\/figure><div class=\"stk-container-padding stk-block-card__content\"><div class=\"stk-block-content stk-inner-blocks stk-b9fb092-inner-blocks\">\n<div class=\"wp-block-stackable-heading stk-block-heading stk-block-heading--v2 stk-block stk-d3b3548\" id=\"percorrere-la-greina-in-un-giorno\" data-block-id=\"d3b3548\"><h2 class=\"stk-block-heading__text\">Percorrere la Greina in un giorno<\/h2><\/div>\n\n\n\n<div class=\"wp-block-stackable-subtitle stk-block-subtitle stk-block stk-0d297dc\" data-block-id=\"0d297dc\"><p class=\"stk-block-subtitle__text stk-subtitle\">Camona da Medel \u2013 Capanna Michela Motterascio \u2013 L\u00e4ntah\u00fctte<\/p><\/div>\n\n\n\n<p>Il trekking Greina alta \u00e8 una proposta per escursionisti medio\/esperti, da Curaglia fino a Vals, dove il denominatore comune sembra essere &#8230; il numero 3. Perch\u00e9 si attraversa una regione alpina con 3 diverse capanne (tutte e 3 del CAS) alle quali fanno capo, 3 culture, 3 lingue diverse, 3 vette imponenti e distinte. E gli escursionisti che vorranno percorrere per intero questo magnifico itinerario dovranno solo chiedere una prenotazione forfettaria in una delle 3 capanne.<\/p>\n\n\n\n<p>\u2192 Giorno 1: (Disentis) Curaglia 1332 m \u279c Val Platta \u279c Alp Sura 1982 m \u279c Camona da Medel CAS 2524 m (3.5 h \/ T3)<br>\u2192 Giorno 2: Camona da Medel CAS \u279c Fuorcla Sura da Lavaz 2759 m \u279c Passo della Greina 2355 m \u279c Crap la Crusch 2268 m \u279c Capanna Michela Motterascio CAS 2172 m (6 h \/ T4)<br>\u2192 Giorno 3: Capanna Michela Motterascio CAS \u279c Lago di Luzzone \u279c Larecc 1633 m \u279c Val Scaradra \u279c Passo Soreda 2759 m \u279c Valle della L\u00e4nta \u279c Capanna L\u00e4nta 2090 m (7 h \/ T3)<br>\u2192 Giorno 4: Capanna L\u00e4nta \u279c Furggelti 2712 m \u279c Lago Zevreila 1862 m \u279c Zevreila (Vals), (5 h \/ T3)<br><br>Periodo consigliato: met\u00e0 luglio &#8211; inizio ottobre<br>Sito internet:\u00a0<a href=\"https:\/\/greinaalta.ch\/it\/3-3-3-1-italiano\/\" target=\"_blank\" rel=\"noreferrer noopener\">www.greinaalta.ch<\/a><\/p>\n\n\n\n<div style=\"height:49px\" aria-hidden=\"true\" class=\"wp-block-spacer\"><\/div>\n\n\n\n<p><strong>Caratteristiche tecniche<\/strong><br>Lunghezza: 45 km<br>Dislivello: 4&#8217;200 metri<br>Tempistica: 3 giorni, 6-7 ore al giorno<br>Difficolt\u00e0: T3 \/ T4<br>Da vedere: Val Platta, Fuorcla Sura da Lavaz, Greina, Lago di Luzzone, Val Scaradra, Valle della L\u00e4nta, Lago Zevreila<\/p>\n\n\n\n<div style=\"height:49px\" aria-hidden=\"true\" class=\"wp-block-spacer\"><\/div>\n\n\n\n<div class=\"wp-block-stackable-button-group stk-block-button-group stk-block stk-04dddd4\" data-block-id=\"04dddd4\"><div class=\"stk-row stk-inner-blocks stk-block-content stk-button-group\">\n<div class=\"wp-block-stackable-button stk-block-button stk-block stk-6ff6a05\" data-block-id=\"6ff6a05\"><style>.stk-6ff6a05 .stk-button{background:#477081 !important;}<\/style><a class=\"stk-link stk-button stk--hover-effect-darken\" href=\"https:\/\/map.schweizmobil.ch\/?lang=de&amp;showLogin=true&amp;bgLayer=pk&amp;season=summer&amp;resolution=17.65&amp;E=2718864&amp;N=1162797&amp;photos=yes&amp;logo=yes&amp;detours=yes&amp;layers=Wanderland&amp;trackId=4230099\" target=\"_blank\" rel=\"noreferrer noopener\"><span class=\"stk-button__inner-text\">MAPPA ONLINE PERCORSO<\/span><\/a><\/div>\n<\/div><\/div>\n\n\n\n<figure class=\"wp-block-gallery has-nested-images columns-default is-cropped wp-block-gallery-1 is-layout-flex wp-block-gallery-is-layout-flex\">\n<figure class=\"wp-block-image size-large\"><img loading=\"lazy\" decoding=\"async\" width=\"1024\" height=\"665\" data-id=\"279\" src=\"https:\/\/staging.capannamotterascio.casticino.ch\/wp-content\/uploads\/2024\/06\/greina_alta_02-1024x665.png\" alt=\"\" class=\"wp-image-279\" srcset=\"https:\/\/capannamotterascio.casticino.ch\/wp-content\/uploads\/2024\/06\/greina_alta_02-1024x665.png 1024w, https:\/\/capannamotterascio.casticino.ch\/wp-content\/uploads\/2024\/06\/greina_alta_02-300x195.png 300w, https:\/\/capannamotterascio.casticino.ch\/wp-content\/uploads\/2024\/06\/greina_alta_02-768x499.png 768w, https:\/\/capannamotterascio.casticino.ch\/wp-content\/uploads\/2024\/06\/greina_alta_02.png 1090w\" sizes=\"auto, (max-width: 1024px) 100vw, 1024px\" \/><\/figure>\n\n\n\n<figure class=\"wp-block-image size-full\"><img loading=\"lazy\" decoding=\"async\" width=\"987\" height=\"640\" data-id=\"278\" src=\"https:\/\/staging.capannamotterascio.casticino.ch\/wp-content\/uploads\/2024\/06\/greina_alta_01.png\" alt=\"\" class=\"wp-image-278\" srcset=\"https:\/\/capannamotterascio.casticino.ch\/wp-content\/uploads\/2024\/06\/greina_alta_01.png 987w, https:\/\/capannamotterascio.casticino.ch\/wp-content\/uploads\/2024\/06\/greina_alta_01-300x195.png 300w, https:\/\/capannamotterascio.casticino.ch\/wp-content\/uploads\/2024\/06\/greina_alta_01-768x498.png 768w\" sizes=\"auto, (max-width: 987px) 100vw, 987px\" \/><\/figure>\n\n\n\n<figure class=\"wp-block-image size-large\"><img loading=\"lazy\" decoding=\"async\" width=\"1024\" height=\"593\" data-id=\"277\" src=\"https:\/\/staging.capannamotterascio.casticino.ch\/wp-content\/uploads\/2024\/06\/greina_alta_03-1024x593.png\" alt=\"\" class=\"wp-image-277\" srcset=\"https:\/\/capannamotterascio.casticino.ch\/wp-content\/uploads\/2024\/06\/greina_alta_03-1024x593.png 1024w, https:\/\/capannamotterascio.casticino.ch\/wp-content\/uploads\/2024\/06\/greina_alta_03-300x174.png 300w, https:\/\/capannamotterascio.casticino.ch\/wp-content\/uploads\/2024\/06\/greina_alta_03-768x445.png 768w, https:\/\/capannamotterascio.casticino.ch\/wp-content\/uploads\/2024\/06\/greina_alta_03.png 1200w\" sizes=\"auto, (max-width: 1024px) 100vw, 1024px\" \/><\/figure>\n<\/figure>\n<\/div><\/div><\/div><\/div>\n","protected":false},"excerpt":{"rendered":"<p>Percorrere la Greina in un giorno Camona da Medel \u2013 Capanna Michela Motterascio \u2013 L\u00e4ntah\u00fctte Il trekking Greina alta \u00e8 una proposta per escursionisti medio\/esperti, da Curaglia fino a Vals, dove il denominatore comune sembra essere &#8230; il numero 3. Perch\u00e9 si attraversa una regione alpina con 3 diverse capanne (tutte e 3 del CAS) [&hellip;]<\/p>\n","protected":false},"author":2,"featured_media":0,"parent":0,"menu_order":0,"comment_status":"closed","ping_status":"closed","template":"","meta":{"pgc_sgb_lightbox_settings":"","footnotes":""},"class_list":["post-273","page","type-page","status-publish","hentry"],"_links":{"self":[{"href":"https:\/\/capannamotterascio.casticino.ch\/index.php?rest_route=\/wp\/v2\/pages\/273","targetHints":{"allow":["GET"]}}],"collection":[{"href":"https:\/\/capannamotterascio.casticino.ch\/index.php?rest_route=\/wp\/v2\/pages"}],"about":[{"href":"https:\/\/capannamotterascio.casticino.ch\/index.php?rest_route=\/wp\/v2\/types\/page"}],"author":[{"embeddable":true,"href":"https:\/\/capannamotterascio.casticino.ch\/index.php?rest_route=\/wp\/v2\/users\/2"}],"replies":[{"embeddable":true,"href":"https:\/\/capannamotterascio.casticino.ch\/index.php?rest_route=%2Fwp%2Fv2%2Fcomments&post=273"}],"version-history":[{"count":7,"href":"https:\/\/capannamotterascio.casticino.ch\/index.php?rest_route=\/wp\/v2\/pages\/273\/revisions"}],"predecessor-version":[{"id":755,"href":"https:\/\/capannamotterascio.casticino.ch\/index.php?rest_route=\/wp\/v2\/pages\/273\/revisions\/755"}],"wp:attachment":[{"href":"https:\/\/capannamotterascio.casticino.ch\/index.php?rest_route=%2Fwp%2Fv2%2Fmedia&parent=273"}],"curies":[{"name":"wp","href":"https:\/\/api.w.org\/{rel}","templated":true}]}}

<div class="wp-block-stackable-card stk-block-card stk-block stk-b9fb092 is-style-default" data-v="2" data-block-id="b9fb092"><div class="stk--no-padding stk-container stk-b9fb092-container stk-hover-parent"><figure class="stk-block-card__image stk-img-wrapper stk-image--shape-stretch"><img loading="lazy" decoding="async" class="stk-img wp-image-278" src="https://staging.capannamotterascio.casticino.ch/wp-content/uploads/2024/06/greina_alta_01.png" width="987" height="640" srcset="https://capannamotterascio.casticino.ch/wp-content/uploads/2024/06/greina_alta_01.png 987w, https://capannamotterascio.casticino.ch/wp-content/uploads/2024/06/greina_alta_01-300x195.png 300w, https://capannamotterascio.casticino.ch/wp-content/uploads/2024/06/greina_alta_01-768x498.png 768w" sizes="auto, (max-width: 987px) 100vw, 987px" /></figure><div class="stk-container-padding stk-block-card__content"><div class="stk-block-content stk-inner-blocks stk-b9fb092-inner-blocks">
<div class="wp-block-stackable-heading stk-block-heading stk-block-heading--v2 stk-block stk-d3b3548" id="percorrere-la-greina-in-un-giorno" data-block-id="d3b3548"><h2 class="stk-block-heading__text">Percorrere la Greina in un giorno</h2></div>



<div class="wp-block-stackable-subtitle stk-block-subtitle stk-block stk-0d297dc" data-block-id="0d297dc"><p class="stk-block-subtitle__text stk-subtitle">Camona da Medel – Capanna Michela Motterascio – Läntahütte</p></div>



<p>Il trekking Greina alta è una proposta per escursionisti medio/esperti, da Curaglia fino a Vals, dove il denominatore comune sembra essere &#8230; il numero 3. Perché si attraversa una regione alpina con 3 diverse capanne (tutte e 3 del CAS) alle quali fanno capo, 3 culture, 3 lingue diverse, 3 vette imponenti e distinte. E gli escursionisti che vorranno percorrere per intero questo magnifico itinerario dovranno solo chiedere una prenotazione forfettaria in una delle 3 capanne.</p>



<p>→ Giorno 1: (Disentis) Curaglia 1332 m ➜ Val Platta ➜ Alp Sura 1982 m ➜ Camona da Medel CAS 2524 m (3.5 h / T3)<br>→ Giorno 2: Camona da Medel CAS ➜ Fuorcla Sura da Lavaz 2759 m ➜ Passo della Greina 2355 m ➜ Crap la Crusch 2268 m ➜ Capanna Michela Motterascio CAS 2172 m (6 h / T4)<br>→ Giorno 3: Capanna Michela Motterascio CAS ➜ Lago di Luzzone ➜ Larecc 1633 m ➜ Val Scaradra ➜ Passo Soreda 2759 m ➜ Valle della Länta ➜ Capanna Länta 2090 m (7 h / T3)<br>→ Giorno 4: Capanna Länta ➜ Furggelti 2712 m ➜ Lago Zevreila 1862 m ➜ Zevreila (Vals), (5 h / T3)<br><br>Periodo consigliato: metà luglio &#8211; inizio ottobre<br>Sito internet: <a href="https://greinaalta.ch/it/3-3-3-1-italiano/" target="_blank" rel="noreferrer noopener">www.greinaalta.ch</a></p>



<div style="height:49px" aria-hidden="true" class="wp-block-spacer"></div>



<p><strong>Caratteristiche tecniche</strong><br>Lunghezza: 45 km<br>Dislivello: 4&#8217;200 metri<br>Tempistica: 3 giorni, 6-7 ore al giorno<br>Difficoltà: T3 / T4<br>Da vedere: Val Platta, Fuorcla Sura da Lavaz, Greina, Lago di Luzzone, Val Scaradra, Valle della Länta, Lago Zevreila</p>



<div style="height:49px" aria-hidden="true" class="wp-block-spacer"></div>



<div class="wp-block-stackable-button-group stk-block-button-group stk-block stk-04dddd4" data-block-id="04dddd4"><div class="stk-row stk-inner-blocks stk-block-content stk-button-group">
<div class="wp-block-stackable-button stk-block-button stk-block stk-6ff6a05" data-block-id="6ff6a05"><style>.stk-6ff6a05 .stk-button{background:#477081 !important;}</style><a class="stk-link stk-button stk--hover-effect-darken" href="https://map.schweizmobil.ch/?lang=de&amp;showLogin=true&amp;bgLayer=pk&amp;season=summer&amp;resolution=17.65&amp;E=2718864&amp;N=1162797&amp;photos=yes&amp;logo=yes&amp;detours=yes&amp;layers=Wanderland&amp;trackId=4230099" target="_blank" rel="noreferrer noopener"><span class="stk-button__inner-text">MAPPA ONLINE PERCORSO</span></a></div>
</div></div>



<figure class="wp-block-gallery has-nested-images columns-default is-cropped wp-block-gallery-1 is-layout-flex wp-block-gallery-is-layout-flex">
<figure class="wp-block-image size-large"><img loading="lazy" decoding="async" width="1024" height="665" data-id="279" src="https://staging.capannamotterascio.casticino.ch/wp-content/uploads/2024/06/greina_alta_02-1024x665.png" alt="" class="wp-image-279" srcset="https://capannamotterascio.casticino.ch/wp-content/uploads/2024/06/greina_alta_02-1024x665.png 1024w, https://capannamotterascio.casticino.ch/wp-content/uploads/2024/06/greina_alta_02-300x195.png 300w, https://capannamotterascio.casticino.ch/wp-content/uploads/2024/06/greina_alta_02-768x499.png 768w, https://capannamotterascio.casticino.ch/wp-content/uploads/2024/06/greina_alta_02.png 1090w" sizes="auto, (max-width: 1024px) 100vw, 1024px" /></figure>



<figure class="wp-block-image size-full"><img loading="lazy" decoding="async" width="987" height="640" data-id="278" src="https://staging.capannamotterascio.casticino.ch/wp-content/uploads/2024/06/greina_alta_01.png" alt="" class="wp-image-278" srcset="https://capannamotterascio.casticino.ch/wp-content/uploads/2024/06/greina_alta_01.png 987w, https://capannamotterascio.casticino.ch/wp-content/uploads/2024/06/greina_alta_01-300x195.png 300w, https://capannamotterascio.casticino.ch/wp-content/uploads/2024/06/greina_alta_01-768x498.png 768w" sizes="auto, (max-width: 987px) 100vw, 987px" /></figure>



<figure class="wp-block-image size-large"><img loading="lazy" decoding="async" width="1024" height="593" data-id="277" src="https://staging.capannamotterascio.casticino.ch/wp-content/uploads/2024/06/greina_alta_03-1024x593.png" alt="" class="wp-image-277" srcset="https://capannamotterascio.casticino.ch/wp-content/uploads/2024/06/greina_alta_03-1024x593.png 1024w, https://capannamotterascio.casticino.ch/wp-content/uploads/2024/06/greina_alta_03-300x174.png 300w, https://capannamotterascio.casticino.ch/wp-content/uploads/2024/06/greina_alta_03-768x445.png 768w, https://capannamotterascio.casticino.ch/wp-content/uploads/2024/06/greina_alta_03.png 1200w" sizes="auto, (max-width: 1024px) 100vw, 1024px" /></figure>
</figure>
</div></div></div></div>

<p>Percorrere la Greina in un giorno Camona da Medel – Capanna Michela Motterascio – Läntahütte Il trekking Greina alta è una proposta per escursionisti medio/esperti, da Curaglia fino a Vals, dove il denominatore comune sembra essere &#8230; il numero 3. Perché si attraversa una regione alpina con 3 diverse capanne (tutte e 3 del CAS) [&hellip;]</p>
