{"id":265,"date":"2024-06-05T08:19:55","date_gmt":"2024-06-05T08:19:55","guid":{"rendered":"https:\/\/staging.capannamotterascio.casticino.ch\/?page_id=265"},"modified":"2026-01-28T15:36:46","modified_gmt":"2026-01-28T15:36:46","slug":"il-giro-della-greina-2","status":"publish","type":"page","link":"https:\/\/capannamotterascio.casticino.ch\/?page_id=265","title":{"rendered":"IL GIRO DELLA GREINA"},"content":{"rendered":"\n<div class=\"wp-block-stackable-card stk-block-card stk-block stk-b9fb092 is-style-default\" data-v=\"2\" data-block-id=\"b9fb092\"><div class=\"stk--no-padding stk-container stk-b9fb092-container stk-hover-parent\"><figure class=\"stk-block-card__image stk-img-wrapper stk-image--shape-stretch\"><img loading=\"lazy\" decoding=\"async\" class=\"stk-img wp-image-268\" src=\"https:\/\/staging.capannamotterascio.casticino.ch\/wp-content\/uploads\/2024\/06\/giro_greina_01.jpg\" width=\"1920\" height=\"1440\" srcset=\"https:\/\/capannamotterascio.casticino.ch\/wp-content\/uploads\/2024\/06\/giro_greina_01.jpg 1920w, https:\/\/capannamotterascio.casticino.ch\/wp-content\/uploads\/2024\/06\/giro_greina_01-300x225.jpg 300w, https:\/\/capannamotterascio.casticino.ch\/wp-content\/uploads\/2024\/06\/giro_greina_01-1024x768.jpg 1024w, https:\/\/capannamotterascio.casticino.ch\/wp-content\/uploads\/2024\/06\/giro_greina_01-768x576.jpg 768w, https:\/\/capannamotterascio.casticino.ch\/wp-content\/uploads\/2024\/06\/giro_greina_01-1536x1152.jpg 1536w\" sizes=\"auto, (max-width: 1920px) 100vw, 1920px\" \/><\/figure><div class=\"stk-container-padding stk-block-card__content\"><div class=\"stk-block-content stk-inner-blocks stk-b9fb092-inner-blocks\">\n<div class=\"wp-block-stackable-heading stk-block-heading stk-block-heading--v2 stk-block stk-d3b3548\" id=\"percorrere-la-greina-in-un-giorno\" data-block-id=\"d3b3548\"><h2 class=\"stk-block-heading__text\">Percorrere la Greina in un giorno<\/h2><\/div>\n\n\n\n<div class=\"wp-block-stackable-subtitle stk-block-subtitle stk-block stk-0d297dc\" data-block-id=\"0d297dc\"><p class=\"stk-block-subtitle__text stk-subtitle\">Ghirone &#8211; Lago di Luzzone &#8211; Capanna Michela Motterascio &#8211; Crap la Crusch &#8211; Passo della Greina &#8211; Capanna Scaletta &#8211; Pian Geir\u00e8tt &#8211; Ghirone<\/p><\/div>\n\n\n\n<p>Per gli escursionisti che hanno a disposizione una sola giornata per scoprire questo incantevole altipiano, proponiamo il noto \u201cgiro della Greina\u201d che, grazie al bus navetta (<a href=\"https:\/\/busalpin.ch\/regionen\/greina\/sommer\">BusAlpin<\/a>), durante i mesi estivi \u00e8 percorribile in ca 6-7 ore di camminata.<\/p>\n\n\n\n<p>Dalla fermata del bus si procede a piedi lungo la strada sterrata che costeggia il&nbsp;<strong>lago di Luzzone.<\/strong>&nbsp;Dall\u2019Alpe Garzott si entra nel \u201cfiordo\u201d lungo un sentiero ben segnalato che si incunea in questa stretta gola. Il sentiero \u00e8 stato ampliato in autunno 2017 grazie al sostegno del patriziato di Aquila.<\/p>\n\n\n\n<p>Dopo aver attraversato un moderno ponte si sale tra radi larici fino ai Monti di Raf\u00fcsc (1691 m) e lungo ripidi pendii erbosi fino al piano di Trachee (1947 m). Una volta attraversato il Ri di Motterascio su un vecchio ponticello di legno e superato un ultimo strappo sul sentiero a tornanti si arriva in&nbsp;<strong>Capanna Michela Motterascio<\/strong>&nbsp;(2172 m). (ca. 3h)<\/p>\n\n\n\n<p>Dalla Capanna si prosegue verso&nbsp;<strong>l\u2019Alpe Motterascio<\/strong>. Prendendo una scala a grate (per chi ha cani: il punto si pu\u00f2 aggirare sul versante destro seguendo il percorso delle mucche), si attraversa l\u2019alpe tra corsi d\u2019 acqua e terreni paludosi, fino ad arrivare alla larga sella di&nbsp;<strong>Crap la Crusch&nbsp;<\/strong>(2268 m). Sarete ripagati per gli sforzi dal&nbsp; fantastico colpo d\u2019occhio sul Plaun la Greina e le cime circostanti. (ca 1h)<\/p>\n\n\n\n<p>Sempre seguendo il sentiero bianco-rosso, si sale fino al&nbsp;<strong>Passo della Greina<\/strong>&nbsp;(2355 m), camminando lungo le sorgenti del&nbsp;<strong>fiume Reno<\/strong>, quell\u2019acqua che nasce proprio qui e terminer\u00e0 la sua corsa nel Mare del Nord. Dal passo si pu\u00f2 proseguire direttamente verso la capanna&nbsp;<strong>Scaletta<\/strong>&nbsp;(2205 m), ammirando da lontano il Piano della Greina e i meandri del&nbsp;<strong>fiume Brenno<\/strong>, acque che nascono a poca distanza dalle sorgenti del Reno, ma sfoceranno nel Mar Mediterraneo. (2h)<\/p>\n\n\n\n<p>Chi invece desidera visitare il famoso&nbsp;<strong>Arco della Greina<\/strong>, pu\u00f2 compiere una piccola deviazione dal sentiero principale e percorrere il Piano della Greina lungo i meandri, fino ad arrivare all\u2019arco. Da l\u00ec, un sentiero segnato in bianco-blu porta direttamente alla capanna Scaletta ma \u00e8 consigliato solo ad escursionisti esperti, e solo in assenza di ghiaccio e neve. In alternativa, dall\u2019arco si ripercorre il piano della Greina per tornare sul classico sentiero bianco-rosso che porta comodamente alla capanna&nbsp;<strong>Scaletta<\/strong>&nbsp;(2205 m). (1h)<\/p>\n\n\n\n<p class=\"has-text-align-left\">La discesa dalla capanna Scaletta a&nbsp;<strong>Pian Geir\u00e8tt<\/strong>&nbsp;\u00e8 ripida ma breve. (1h) Da qui parte il bus alpino che riporta a Ghirone dove si chiude il cerchio.<\/p>\n\n\n\n<p>Ovviamente il giro pu\u00f2 essere percorso anche al contrario: Ghirone \u2013 Pian Geir\u00e8tt \u2013 Scaletta \u2013 Passo della Greina \u2013 Motterascio \u2013 Luzzone \u2013 Ghirone. Questo \u00e8 particolarmente consigliato alle famiglie, poich\u00e9 la salita da Pian Geir\u00e8tt \u00e8 meno faticosa rispetto a quella dal Lago Luzzone.<\/p>\n\n\n\n<p><strong>Caratteristiche tecniche<\/strong><br>Lunghezza: 17 km<br>Dislivello: 700 metri<br>Tempistica: ca. 6 ore<br>Difficolt\u00e0: T2<br>Da vedere: Alpe Garzotto, Capanna Michela Motterascio, Alpe Motterascio, Crap la Crusch, spartiacque, sorgenti del Reno, sorgenti del Brenno, pinnacoli, meandri, Arco della Greina, Capanna Scaletta<\/p>\n\n\n\n<div style=\"height:40px\" aria-hidden=\"true\" class=\"wp-block-spacer\"><\/div>\n\n\n\n<div class=\"wp-block-stackable-button-group stk-block-button-group stk-block stk-04dddd4\" data-block-id=\"04dddd4\"><div class=\"stk-row stk-inner-blocks stk-block-content stk-button-group\">\n<div class=\"wp-block-stackable-button stk-block-button stk-block stk-6ff6a05\" data-block-id=\"6ff6a05\"><style>.stk-6ff6a05 .stk-button{background:#477081 !important;}<\/style><a class=\"stk-link stk-button stk--hover-effect-darken\" href=\"https:\/\/map.schweizmobil.ch\/?lang=de&amp;showLogin=true&amp;bgLayer=pk&amp;season=summer&amp;resolution=7.09&amp;E=2717383&amp;N=1160737&amp;photos=yes&amp;logo=yes&amp;detours=yes&amp;trackId=4244704\" target=\"_blank\" rel=\"noreferrer noopener\"><span class=\"stk-button__inner-text\">MAPPA ONLINE PERCORSO<\/span><\/a><\/div>\n<\/div><\/div>\n\n\n\n<figure class=\"wp-block-gallery has-nested-images columns-default is-cropped wp-block-gallery-1 is-layout-flex wp-block-gallery-is-layout-flex\">\n<figure class=\"wp-block-image size-large\"><img loading=\"lazy\" decoding=\"async\" width=\"1024\" height=\"768\" data-id=\"268\" src=\"https:\/\/staging.capannamotterascio.casticino.ch\/wp-content\/uploads\/2024\/06\/giro_greina_01-1024x768.jpg\" alt=\"\" class=\"wp-image-268\" srcset=\"https:\/\/capannamotterascio.casticino.ch\/wp-content\/uploads\/2024\/06\/giro_greina_01-1024x768.jpg 1024w, https:\/\/capannamotterascio.casticino.ch\/wp-content\/uploads\/2024\/06\/giro_greina_01-300x225.jpg 300w, https:\/\/capannamotterascio.casticino.ch\/wp-content\/uploads\/2024\/06\/giro_greina_01-768x576.jpg 768w, https:\/\/capannamotterascio.casticino.ch\/wp-content\/uploads\/2024\/06\/giro_greina_01-1536x1152.jpg 1536w, https:\/\/capannamotterascio.casticino.ch\/wp-content\/uploads\/2024\/06\/giro_greina_01.jpg 1920w\" sizes=\"auto, (max-width: 1024px) 100vw, 1024px\" \/><\/figure>\n\n\n\n<figure class=\"wp-block-image size-large\"><img loading=\"lazy\" decoding=\"async\" width=\"1024\" height=\"683\" data-id=\"269\" src=\"https:\/\/staging.capannamotterascio.casticino.ch\/wp-content\/uploads\/2024\/06\/giro_greina_02-1024x683.jpg\" alt=\"\" class=\"wp-image-269\" srcset=\"https:\/\/capannamotterascio.casticino.ch\/wp-content\/uploads\/2024\/06\/giro_greina_02-1024x683.jpg 1024w, https:\/\/capannamotterascio.casticino.ch\/wp-content\/uploads\/2024\/06\/giro_greina_02-300x200.jpg 300w, https:\/\/capannamotterascio.casticino.ch\/wp-content\/uploads\/2024\/06\/giro_greina_02-768x512.jpg 768w, https:\/\/capannamotterascio.casticino.ch\/wp-content\/uploads\/2024\/06\/giro_greina_02-1536x1024.jpg 1536w, https:\/\/capannamotterascio.casticino.ch\/wp-content\/uploads\/2024\/06\/giro_greina_02.jpg 1920w\" sizes=\"auto, (max-width: 1024px) 100vw, 1024px\" \/><\/figure>\n\n\n\n<figure class=\"wp-block-image size-large\"><img loading=\"lazy\" decoding=\"async\" width=\"1024\" height=\"768\" data-id=\"270\" src=\"https:\/\/staging.capannamotterascio.casticino.ch\/wp-content\/uploads\/2024\/06\/giro_greina_03-1024x768.jpg\" alt=\"\" class=\"wp-image-270\" srcset=\"https:\/\/capannamotterascio.casticino.ch\/wp-content\/uploads\/2024\/06\/giro_greina_03-1024x768.jpg 1024w, https:\/\/capannamotterascio.casticino.ch\/wp-content\/uploads\/2024\/06\/giro_greina_03-300x225.jpg 300w, https:\/\/capannamotterascio.casticino.ch\/wp-content\/uploads\/2024\/06\/giro_greina_03-768x576.jpg 768w, https:\/\/capannamotterascio.casticino.ch\/wp-content\/uploads\/2024\/06\/giro_greina_03-1536x1152.jpg 1536w, https:\/\/capannamotterascio.casticino.ch\/wp-content\/uploads\/2024\/06\/giro_greina_03-2048x1536.jpg 2048w\" sizes=\"auto, (max-width: 1024px) 100vw, 1024px\" \/><\/figure>\n\n\n\n<figure class=\"wp-block-image size-large\"><img loading=\"lazy\" decoding=\"async\" width=\"1024\" height=\"683\" data-id=\"271\" src=\"https:\/\/staging.capannamotterascio.casticino.ch\/wp-content\/uploads\/2024\/06\/giro_greina_04-1024x683.jpg\" alt=\"\" class=\"wp-image-271\" srcset=\"https:\/\/capannamotterascio.casticino.ch\/wp-content\/uploads\/2024\/06\/giro_greina_04-1024x683.jpg 1024w, https:\/\/capannamotterascio.casticino.ch\/wp-content\/uploads\/2024\/06\/giro_greina_04-300x200.jpg 300w, https:\/\/capannamotterascio.casticino.ch\/wp-content\/uploads\/2024\/06\/giro_greina_04-768x512.jpg 768w, https:\/\/capannamotterascio.casticino.ch\/wp-content\/uploads\/2024\/06\/giro_greina_04-1536x1024.jpg 1536w, https:\/\/capannamotterascio.casticino.ch\/wp-content\/uploads\/2024\/06\/giro_greina_04.jpg 1920w\" sizes=\"auto, (max-width: 1024px) 100vw, 1024px\" \/><\/figure>\n\n\n\n<figure class=\"wp-block-image size-large\"><img loading=\"lazy\" decoding=\"async\" width=\"1024\" height=\"768\" data-id=\"267\" src=\"https:\/\/staging.capannamotterascio.casticino.ch\/wp-content\/uploads\/2024\/06\/giro_greina_05-1024x768.jpg\" alt=\"\" class=\"wp-image-267\" srcset=\"https:\/\/capannamotterascio.casticino.ch\/wp-content\/uploads\/2024\/06\/giro_greina_05-1024x768.jpg 1024w, https:\/\/capannamotterascio.casticino.ch\/wp-content\/uploads\/2024\/06\/giro_greina_05-300x225.jpg 300w, https:\/\/capannamotterascio.casticino.ch\/wp-content\/uploads\/2024\/06\/giro_greina_05-768x576.jpg 768w, https:\/\/capannamotterascio.casticino.ch\/wp-content\/uploads\/2024\/06\/giro_greina_05-1536x1152.jpg 1536w, https:\/\/capannamotterascio.casticino.ch\/wp-content\/uploads\/2024\/06\/giro_greina_05.jpg 1920w\" sizes=\"auto, (max-width: 1024px) 100vw, 1024px\" \/><\/figure>\n<\/figure>\n<\/div><\/div><\/div><\/div>\n","protected":false},"excerpt":{"rendered":"<p>Percorrere la Greina in un giorno Ghirone &#8211; Lago di Luzzone &#8211; Capanna Michela Motterascio &#8211; Crap la Crusch &#8211; Passo della Greina &#8211; Capanna Scaletta &#8211; Pian Geir\u00e8tt &#8211; Ghirone Per gli escursionisti che hanno a disposizione una sola giornata per scoprire questo incantevole altipiano, proponiamo il noto \u201cgiro della Greina\u201d che, grazie al [&hellip;]<\/p>\n","protected":false},"author":2,"featured_media":0,"parent":0,"menu_order":0,"comment_status":"closed","ping_status":"closed","template":"","meta":{"pgc_sgb_lightbox_settings":"","footnotes":""},"class_list":["post-265","page","type-page","status-publish","hentry"],"_links":{"self":[{"href":"https:\/\/capannamotterascio.casticino.ch\/index.php?rest_route=\/wp\/v2\/pages\/265","targetHints":{"allow":["GET"]}}],"collection":[{"href":"https:\/\/capannamotterascio.casticino.ch\/index.php?rest_route=\/wp\/v2\/pages"}],"about":[{"href":"https:\/\/capannamotterascio.casticino.ch\/index.php?rest_route=\/wp\/v2\/types\/page"}],"author":[{"embeddable":true,"href":"https:\/\/capannamotterascio.casticino.ch\/index.php?rest_route=\/wp\/v2\/users\/2"}],"replies":[{"embeddable":true,"href":"https:\/\/capannamotterascio.casticino.ch\/index.php?rest_route=%2Fwp%2Fv2%2Fcomments&post=265"}],"version-history":[{"count":3,"href":"https:\/\/capannamotterascio.casticino.ch\/index.php?rest_route=\/wp\/v2\/pages\/265\/revisions"}],"predecessor-version":[{"id":740,"href":"https:\/\/capannamotterascio.casticino.ch\/index.php?rest_route=\/wp\/v2\/pages\/265\/revisions\/740"}],"wp:attachment":[{"href":"https:\/\/capannamotterascio.casticino.ch\/index.php?rest_route=%2Fwp%2Fv2%2Fmedia&parent=265"}],"curies":[{"name":"wp","href":"https:\/\/api.w.org\/{rel}","templated":true}]}}