{"id":229,"date":"2024-05-29T10:04:49","date_gmt":"2024-05-29T10:04:49","guid":{"rendered":"https:\/\/staging.capannamotterascio.casticino.ch\/?page_id=229"},"modified":"2026-02-15T17:14:31","modified_gmt":"2026-02-15T17:14:31","slug":"team-de","status":"publish","type":"page","link":"https:\/\/capannamotterascio.casticino.ch\/?page_id=229&lang=de","title":{"rendered":"TEAM &#8211; DE"},"content":{"rendered":"\n<h3 class=\"wp-block-heading\">Das Team stellt sich vor!<\/h3>\n\n\n\n<div style=\"height:60px\" aria-hidden=\"true\" class=\"wp-block-spacer\"><\/div>\n\n\n\n<h3 class=\"wp-block-heading\">Der H\u00fcttenwart Fabio<\/h3>\n\n\n\n<div style=\"height:60px\" aria-hidden=\"true\" class=\"wp-block-spacer\"><\/div>\n\n\n\n<div class=\"wp-block-stackable-image stk-block-image stk-block stk-d21333f\" data-block-id=\"d21333f\"><style>.stk-d21333f .stk-img-wrapper{width:52% !important;height:581px !important;}<\/style><figure><span class=\"stk-img-wrapper stk-image--shape-stretch\"><img loading=\"lazy\" decoding=\"async\" class=\"stk-img wp-image-430\" src=\"https:\/\/staging.capannamotterascio.casticino.ch\/wp-content\/uploads\/2025\/02\/IMG_6068-scaled.jpg\" width=\"1920\" height=\"2560\" srcset=\"https:\/\/capannamotterascio.casticino.ch\/wp-content\/uploads\/2025\/02\/IMG_6068-scaled.jpg 1920w, https:\/\/capannamotterascio.casticino.ch\/wp-content\/uploads\/2025\/02\/IMG_6068-225x300.jpg 225w, https:\/\/capannamotterascio.casticino.ch\/wp-content\/uploads\/2025\/02\/IMG_6068-768x1024.jpg 768w, https:\/\/capannamotterascio.casticino.ch\/wp-content\/uploads\/2025\/02\/IMG_6068-1152x1536.jpg 1152w, https:\/\/capannamotterascio.casticino.ch\/wp-content\/uploads\/2025\/02\/IMG_6068-1536x2048.jpg 1536w\" sizes=\"auto, (max-width: 1920px) 100vw, 1920px\" \/><\/span><\/figure><\/div>\n\n\n\n<div style=\"height:30px\" aria-hidden=\"true\" class=\"wp-block-spacer\"><\/div>\n\n\n\n<p>Mein Name ist Fabio Merzaghi, ich bin am Fuss des Monte Generoso und am Ufer des Lago di Lugano aufgewachsen. Die Berge waren schon immer eine grosse Leidenschaft von mir: Im Winter gehe ich gerne auf Skitouren, im Sommer treibt mich das Klettern an, die Felsen zu erklimmen.<\/p>\n\n\n\n<p>Es war immer mein Traum, in einer H\u00fctte zu arbeiten, ein Traum, den ich im Sommer 2023 verwirklichen konnte, als ich die gesamte Saison in der <a href=\"https:\/\/www.fornohuette.ch\/#\/\" data-type=\"link\" data-id=\"https:\/\/www.fornohuette.ch\/#\/\">Forno H\u00fctte<\/a> arbeitete. Trotz der vielen Arbeitsstunden und wenig Freizeit war diese Erfahrung unvergesslich und erm\u00f6glichte mir, eine enorme Leidenschaft f\u00fcr diese T\u00e4tigkeit zu entdecken. Besonders gesch\u00e4tzt habe ich den Kontakt mit den Menschen, aber auch die Zeit, die ich in der K\u00fcche verbrachte, um den G\u00e4sten der H\u00fctte ein gutes Essen anzubieten.<\/p>\n\n\n\n<p>Eine weitere unvergessliche Erfahrung war die Stellvertretung an der <a href=\"https:\/\/www.sac-bluemlisalp.ch\/de\/Baltschiederklause\" data-type=\"link\" data-id=\"https:\/\/www.sac-bluemlisalp.ch\/de\/Baltschiederklause\">Baltschiederklause H\u00fctte<\/a> auf 2.783 m im Wallis. Diese H\u00fctte, am Fuss des majest\u00e4tischen Bietschhorns gelegen, ist \u00fcber einen der l\u00e4ngsten und landschaftlich sch\u00f6nsten Wanderwege der Schweiz zu erreichen.<\/p>\n\n\n\n<p>Diese Erfahrungen motivierten mich auch dazu, mich f\u00fcr den H\u00fcttenwart-Kurs des SAC zu bewerben, den ich im November dieses Jahres abgeschlossen habe.<\/p>\n\n\n\n<p>Ich bin ausgebildeter Maschineningenieur und nach einigen Jahren im Beruf in der Deutschschweiz entschied ich mich, diese neue Herausforderung anzunehmen. Da die technische Arbeit stark von administrativen Aspekten gepr\u00e4gt war, beschloss ich, eine Auszeit vom B\u00fcrojob zu nehmen, um ein neues Abenteuer in der Natur zu beginnen.<\/p>\n\n\n\n<p>Die Leitung der Capanna Michela Motterascio basiert auf der Verwendung hochwertiger lokaler Produkte und nachhaltigen Praktiken, um die Umwelt und das Gebiet zu respektieren.<\/p>\n\n\n\n<div style=\"height:60px\" aria-hidden=\"true\" class=\"wp-block-spacer\"><\/div>\n\n\n\n<h3 class=\"wp-block-heading\">Unsere fleissigen super H\u00fcttenhilfen<\/h3>\n\n\n\n<div style=\"height:24px\" aria-hidden=\"true\" class=\"wp-block-spacer\"><\/div>\n\n\n\n<p>Ohne die zauberhaften kleinen H\u00e4nde all unserer wunderbaren Helfer g\u00e4be es weder ein St\u00fcck Kuchen in der H\u00fctte, noch w\u00e4re ein Bett gemacht! Ich danke euch von ganzem Herzen.<\/p>\n","protected":false},"excerpt":{"rendered":"<p>Das Team stellt sich vor! Der H\u00fcttenwart Fabio Mein Name ist Fabio Merzaghi, ich bin am Fuss des Monte Generoso und am Ufer des Lago di Lugano aufgewachsen. Die Berge waren schon immer eine grosse Leidenschaft von mir: Im Winter gehe ich gerne auf Skitouren, im Sommer treibt mich das Klettern an, die Felsen zu [&hellip;]<\/p>\n","protected":false},"author":2,"featured_media":0,"parent":0,"menu_order":0,"comment_status":"closed","ping_status":"closed","template":"","meta":{"pgc_sgb_lightbox_settings":"","footnotes":""},"class_list":["post-229","page","type-page","status-publish","hentry"],"_links":{"self":[{"href":"https:\/\/capannamotterascio.casticino.ch\/index.php?rest_route=\/wp\/v2\/pages\/229","targetHints":{"allow":["GET"]}}],"collection":[{"href":"https:\/\/capannamotterascio.casticino.ch\/index.php?rest_route=\/wp\/v2\/pages"}],"about":[{"href":"https:\/\/capannamotterascio.casticino.ch\/index.php?rest_route=\/wp\/v2\/types\/page"}],"author":[{"embeddable":true,"href":"https:\/\/capannamotterascio.casticino.ch\/index.php?rest_route=\/wp\/v2\/users\/2"}],"replies":[{"embeddable":true,"href":"https:\/\/capannamotterascio.casticino.ch\/index.php?rest_route=%2Fwp%2Fv2%2Fcomments&post=229"}],"version-history":[{"count":9,"href":"https:\/\/capannamotterascio.casticino.ch\/index.php?rest_route=\/wp\/v2\/pages\/229\/revisions"}],"predecessor-version":[{"id":765,"href":"https:\/\/capannamotterascio.casticino.ch\/index.php?rest_route=\/wp\/v2\/pages\/229\/revisions\/765"}],"wp:attachment":[{"href":"https:\/\/capannamotterascio.casticino.ch\/index.php?rest_route=%2Fwp%2Fv2%2Fmedia&parent=229"}],"curies":[{"name":"wp","href":"https:\/\/api.w.org\/{rel}","templated":true}]}}

<h3 class="wp-block-heading">Das Team stellt sich vor!</h3>



<div style="height:60px" aria-hidden="true" class="wp-block-spacer"></div>



<h3 class="wp-block-heading">Der Hüttenwart Fabio</h3>



<div style="height:60px" aria-hidden="true" class="wp-block-spacer"></div>



<div class="wp-block-stackable-image stk-block-image stk-block stk-d21333f" data-block-id="d21333f"><style>.stk-d21333f .stk-img-wrapper{width:52% !important;height:581px !important;}</style><figure><span class="stk-img-wrapper stk-image--shape-stretch"><img loading="lazy" decoding="async" class="stk-img wp-image-430" src="https://staging.capannamotterascio.casticino.ch/wp-content/uploads/2025/02/IMG_6068-scaled.jpg" width="1920" height="2560" srcset="https://capannamotterascio.casticino.ch/wp-content/uploads/2025/02/IMG_6068-scaled.jpg 1920w, https://capannamotterascio.casticino.ch/wp-content/uploads/2025/02/IMG_6068-225x300.jpg 225w, https://capannamotterascio.casticino.ch/wp-content/uploads/2025/02/IMG_6068-768x1024.jpg 768w, https://capannamotterascio.casticino.ch/wp-content/uploads/2025/02/IMG_6068-1152x1536.jpg 1152w, https://capannamotterascio.casticino.ch/wp-content/uploads/2025/02/IMG_6068-1536x2048.jpg 1536w" sizes="auto, (max-width: 1920px) 100vw, 1920px" /></span></figure></div>



<div style="height:30px" aria-hidden="true" class="wp-block-spacer"></div>



<p>Mein Name ist Fabio Merzaghi, ich bin am Fuss des Monte Generoso und am Ufer des Lago di Lugano aufgewachsen. Die Berge waren schon immer eine grosse Leidenschaft von mir: Im Winter gehe ich gerne auf Skitouren, im Sommer treibt mich das Klettern an, die Felsen zu erklimmen.</p>



<p>Es war immer mein Traum, in einer Hütte zu arbeiten, ein Traum, den ich im Sommer 2023 verwirklichen konnte, als ich die gesamte Saison in der <a href="https://www.fornohuette.ch/#/" data-type="link" data-id="https://www.fornohuette.ch/#/">Forno Hütte</a> arbeitete. Trotz der vielen Arbeitsstunden und wenig Freizeit war diese Erfahrung unvergesslich und ermöglichte mir, eine enorme Leidenschaft für diese Tätigkeit zu entdecken. Besonders geschätzt habe ich den Kontakt mit den Menschen, aber auch die Zeit, die ich in der Küche verbrachte, um den Gästen der Hütte ein gutes Essen anzubieten.</p>



<p>Eine weitere unvergessliche Erfahrung war die Stellvertretung an der <a href="https://www.sac-bluemlisalp.ch/de/Baltschiederklause" data-type="link" data-id="https://www.sac-bluemlisalp.ch/de/Baltschiederklause">Baltschiederklause Hütte</a> auf 2.783 m im Wallis. Diese Hütte, am Fuss des majestätischen Bietschhorns gelegen, ist über einen der längsten und landschaftlich schönsten Wanderwege der Schweiz zu erreichen.</p>



<p>Diese Erfahrungen motivierten mich auch dazu, mich für den Hüttenwart-Kurs des SAC zu bewerben, den ich im November dieses Jahres abgeschlossen habe.</p>



<p>Ich bin ausgebildeter Maschineningenieur und nach einigen Jahren im Beruf in der Deutschschweiz entschied ich mich, diese neue Herausforderung anzunehmen. Da die technische Arbeit stark von administrativen Aspekten geprägt war, beschloss ich, eine Auszeit vom Bürojob zu nehmen, um ein neues Abenteuer in der Natur zu beginnen.</p>



<p>Die Leitung der Capanna Michela Motterascio basiert auf der Verwendung hochwertiger lokaler Produkte und nachhaltigen Praktiken, um die Umwelt und das Gebiet zu respektieren.</p>



<div style="height:60px" aria-hidden="true" class="wp-block-spacer"></div>



<h3 class="wp-block-heading">Unsere fleissigen super Hüttenhilfen</h3>



<div style="height:24px" aria-hidden="true" class="wp-block-spacer"></div>



<p>Ohne die zauberhaften kleinen Hände all unserer wunderbaren Helfer gäbe es weder ein Stück Kuchen in der Hütte, noch wäre ein Bett gemacht! Ich danke euch von ganzem Herzen.</p>

<p>Das Team stellt sich vor! Der Hüttenwart Fabio Mein Name ist Fabio Merzaghi, ich bin am Fuss des Monte Generoso und am Ufer des Lago di Lugano aufgewachsen. Die Berge waren schon immer eine grosse Leidenschaft von mir: Im Winter gehe ich gerne auf Skitouren, im Sommer treibt mich das Klettern an, die Felsen zu [&hellip;]</p>
