{"id":227,"date":"2024-05-29T10:02:42","date_gmt":"2024-05-29T10:02:42","guid":{"rendered":"https:\/\/staging.capannamotterascio.casticino.ch\/?page_id=227"},"modified":"2026-04-12T09:21:50","modified_gmt":"2026-04-12T09:21:50","slug":"tariffe-de","status":"publish","type":"page","link":"https:\/\/capannamotterascio.casticino.ch\/?page_id=227&lang=de","title":{"rendered":"TARIFFE &#8211; DE"},"content":{"rendered":"\n<p>Die H\u00fctte ist bewartet <strong>von Samstag, 13. Juni bis Samstag, 10. Oktober 2026<\/strong>.<\/p>\n\n\n\n<div style=\"height:57px\" aria-hidden=\"true\" class=\"wp-block-spacer\"><\/div>\n\n\n\n<h4 class=\"wp-block-heading\">Reservierung<\/h4>\n\n\n\n<p>\u00dcber das Online-Reservationssystem: <a href=\"https:\/\/www.hut-reservation.org\/reservation\/book-hut\/221\/wizard\">Hut Reservation<\/a><br><br>F\u00fcr Last-Minute-Reservierungen bitten wir Sie, uns telefonisch zu kontaktieren.<br>Bei Fragen zu Reservierungen k\u00f6nnen Sie uns per E-Mail oder telefonisch kontaktieren.<\/p>\n\n\n\n<div style=\"height:57px\" aria-hidden=\"true\" class=\"wp-block-spacer\"><\/div>\n\n\n\n<h4 class=\"wp-block-heading\"><strong><strong>Zahlung<\/strong><\/strong><\/h4>\n\n\n\n<p>Die Zahlung ist nur bar m\u00f6glich. Wir akzeptieren CHF und EUR.<\/p>\n\n\n\n<div style=\"height:57px\" aria-hidden=\"true\" class=\"wp-block-spacer\"><\/div>\n\n\n\n<h4 class=\"wp-block-heading\"><strong><strong>\u00dcbernachtung &amp; Halbpension<\/strong><\/strong><\/h4>\n\n\n\n<p>Der Preis beinhaltet die \u00dcbernachtung, das Standard-Abendessen (Suppe, Salat, Hauptgang, Dessert) sowie ein Fr\u00fchst\u00fccksbuffet.<br>Mehrwertsteuer und Kurtaxe sind im Preis inbegriffen.<\/p>\n\n\n\n<p><strong><strong>Preise f\u00fcr die Sommersaison<\/strong> 2026:<\/strong><\/p>\n\n\n\n<figure class=\"wp-block-table\"><table><thead><tr><th colspan=\"4\">SAC-Mitglieder und Mitglieder von Organisationen mit Gegenrecht<\/th><\/tr><\/thead><tbody><tr><td>Kategorie<\/td><td>Alter<\/td><td><strong>Tarif<\/strong><\/td><td>davon \u00dcbernachtung<\/td><\/tr><tr><td>Kleinkinder<\/td><td>&lt;8 Jahre<\/td><td><strong>CHF 30.-<\/strong><\/td><td>CHF 8.-<\/td><\/tr><tr><td>Kinder<\/td><td>8-14 Jahre<\/td><td><strong>CHF 50.-<\/strong><\/td><td>CHF 12.-<\/td><\/tr><tr><td>Jugendliche<\/td><td>15 bis 21 Jahre<\/td><td><strong>CHF 65.-<\/strong><\/td><td>CHF 18.-<\/td><\/tr><tr><td>Erwachsene<\/td><td>&gt;22 Jahre<\/td><td><strong>CHF 82.-<\/strong><\/td><td>CHF 30.-<\/td><\/tr><tr><td>Bergf\u00fchrer UIAGM<\/td><td><\/td><td><strong>CHF 52.-<\/strong><\/td><td>CHF 0.-<\/td><\/tr><\/tbody><\/table><\/figure>\n\n\n\n<figure class=\"wp-block-table\"><table><thead><tr><th colspan=\"3\">Nicht-Mitglieder<\/th><\/tr><\/thead><tbody><tr><td>Kategorie<\/td><td>Alter<\/td><td><strong>Tarif<\/strong><\/td><td>davon \u00dcbernachtung<\/td><\/tr><tr><td>Kleinkinder<\/td><td>&lt;8 Jahre<\/td><td><strong>CHF 32.-<\/strong><\/td><td>CHF 10.-<\/td><\/tr><tr><td>Kinder<\/td><td>8-14 Jahre<\/td><td><strong>CHF 55.-<\/strong><\/td><td>CHF 17.-<\/td><\/tr><tr><td>Jugendliche<\/td><td>15 bis 21 Jahre<\/td><td><strong>CHF 72.-<\/strong><\/td><td>CHF 25.-<\/td><\/tr><tr><td>Erwachsene<\/td><td>&gt;22 Jahre<\/td><td><strong>CHF 95.-<\/strong><\/td><td>CHF 43.-<\/td><\/tr><\/tbody><\/table><\/figure>\n\n\n\n<figure class=\"wp-block-table\"><table><thead><tr><th colspan=\"3\">Familienrabatt unter der Woche<\/th><\/tr><\/thead><tbody><tr><td colspan=\"2\"><strong>Sonntag &#8211; Donnerstag<\/strong><br>Erm\u00e4ssigung pro Kind<\/td><td>CHF 5.-<\/td><\/tr><\/tbody><\/table><\/figure>\n\n\n\n<figure class=\"wp-block-table\"><table><thead><tr><th colspan=\"3\">Angebot f\u00fcr Schulklassen, Pfadi, J&amp;S Kurse<br>(g\u00fcltig Sonntag &#8211; Donnerstag)<\/th><\/tr><\/thead><tbody><tr><td>Kinder<\/td><td>8-14 Jahre<\/td><td>CHF 40.-<\/td><\/tr><tr><td>Jugendliche<\/td><td>15 bis 18 Jahre<\/td><td>CHF 50.-<\/td><\/tr><\/tbody><\/table><\/figure>\n\n\n\n<figure class=\"wp-block-table\"><table><thead><tr><th colspan=\"3\">Extra<\/th><\/tr><\/thead><tbody><tr><td colspan=\"2\">Lunch<\/td><td>CHF 10.-<\/td><\/tr><tr><td colspan=\"2\">Marschtee (1 lt)<\/td><td>CHF 3.-<\/td><\/tr><tr><td colspan=\"2\">Dusche (pro Person)<\/td><td>CHF 5.-<\/td><\/tr><tr><td colspan=\"2\"><strong>Aus hygienischen Gr\u00fcnden ist die Benutzung eines H\u00fcttenschlafsacks obligatorisch.<\/strong><br>Einweg-H\u00fcttenschlafsack<br>Miet-H\u00fcttenschlafsack<\/td><td>CHF 7.-<br>CHF 5.-<\/td><\/tr><\/tbody><\/table><\/figure>\n\n\n\n<div style=\"height:57px\" aria-hidden=\"true\" class=\"wp-block-spacer\"><\/div>\n\n\n\n<h4 class=\"wp-block-heading\"><strong>Annullierungsbedingungen \/ No-Show<\/strong><\/h4>\n\n\n\n<p>Stornierungen, \u00c4nderungen und Verschiebungen von Buchungen sind kostenlos, wenn sie sp\u00e4testens bis 18.00 Uhr zwei Tage vor dem gebuchten Datum telefonisch gemeldet oder im Online-Reservationssystem ge\u00e4ndert werden.<br>Bei Stornierungen, Verschiebungen oder \u00c4nderungen der Personenzahl, die nicht oder zu sp\u00e4t gemeldet werden, ist der H\u00fcttenwart der Capanna Michela Motterascio CAS berechtigt, eine Annullierungs- bzw. No-Show-Geb\u00fchr zu erheben.<\/p>\n\n\n\n<p>Die Annullierungsbedingungen der Capanna Michela Motterascio sind wie folgt:<\/p>\n\n\n\n<ul class=\"wp-block-list\">\n<li>bis 2 Tage vor Anreise bis 18.00 Uhr: kostenlos<\/li>\n\n\n\n<li>ab 1 Tag vor Anreise bis 18.00 Uhr: CHF 30 pro Person und Nacht<\/li>\n\n\n\n<li>No-Show (unangek\u00fcndigtes Nichterscheinen): CHF 50 pro Person und Nacht<\/li>\n<\/ul>\n\n\n\n<div style=\"height:57px\" aria-hidden=\"true\" class=\"wp-block-spacer\"><\/div>\n\n\n\n<div class=\"wp-block-stackable-columns stk-block-columns stk-block stk-8a0c872\" data-block-id=\"8a0c872\"><style>.stk-8a0c872-column{--stk-columns-spacing:26px !important;--stk-column-gap:27px !important;}<\/style><div class=\"stk-row stk-inner-blocks stk-block-content stk-content-align stk-8a0c872-column\">\n<div class=\"wp-block-stackable-column stk-block-column stk-column stk-block stk-d1ef188 stk-block-background\" data-v=\"4\" data-block-id=\"d1ef188\"><div class=\"stk-column-wrapper stk-block-column__content stk-container stk-d1ef188-container stk--no-background stk--no-padding\"><div class=\"stk-block-content stk-inner-blocks stk-d1ef188-inner-blocks\">\n<p>Bestimmungen f\u00fcr G\u00e4ste &#8211;&nbsp;<a href=\"https:\/\/staging.capannamotterascio.casticino.ch\/wp-content\/uploads\/2024\/05\/Disposizioni_per_gli_ospiti_1.pdf\" data-type=\"link\" data-id=\"https:\/\/staging.capannamotterascio.casticino.ch\/wp-content\/uploads\/2024\/05\/Disposizioni_per_gli_ospiti_1.pdf\" target=\"_blank\" rel=\"noreferrer noopener\">PDF herunterladen<\/a><\/p>\n<\/div><\/div><\/div>\n\n\n\n<div class=\"wp-block-stackable-column stk-block-column stk-column stk-block stk-c7020fe stk-block-background\" data-v=\"4\" data-block-id=\"c7020fe\"><div class=\"stk-column-wrapper stk-block-column__content stk-container stk-c7020fe-container stk--no-background stk--no-padding\"><div class=\"stk-block-content stk-inner-blocks stk-c7020fe-inner-blocks\">\n<p>Allgemeine Gesch\u00e4ftsbedingungen &#8211;&nbsp;<a href=\"https:\/\/capannamotterascio.casticino.ch\/wp-content\/uploads\/2025\/07\/AGB_SAC-Hutten.pdf\" data-type=\"link\" data-id=\"https:\/\/capannamotterascio.casticino.ch\/wp-content\/uploads\/2025\/07\/AGB_SAC-Hutten.pdf\" target=\"_blank\" rel=\"noreferrer noopener\">PDF herunterladen<\/a><\/p>\n<\/div><\/div><\/div>\n\n\n\n<div class=\"wp-block-stackable-column stk-block-column stk-column stk-block stk-6781fd7 stk-block-background\" data-v=\"4\" data-block-id=\"6781fd7\"><div class=\"stk-column-wrapper stk-block-column__content stk-container stk-6781fd7-container stk--no-background stk--no-padding\"><div class=\"stk-block-content stk-inner-blocks stk-6781fd7-inner-blocks\">\n<p>Weitere Informationen:<br><a href=\"mailto:motterascio@casticino.ch\" data-type=\"mailto\" data-id=\"mailto:motterascio@casticino.ch\">motterascio@casticino.ch<\/a><br>Tel:&nbsp;<a href=\"tel:+41918692330\">+41 91 872 16 22<\/a><\/p>\n<\/div><\/div><\/div>\n<\/div><\/div>\n\n\n\n<p><\/p>\n","protected":false},"excerpt":{"rendered":"<p>Die H\u00fctte ist bewartet von Samstag, 13. Juni bis Samstag, 10. Oktober 2026. Reservierung \u00dcber das Online-Reservationssystem: Hut Reservation F\u00fcr Last-Minute-Reservierungen bitten wir Sie, uns telefonisch zu kontaktieren.Bei Fragen zu Reservierungen k\u00f6nnen Sie uns per E-Mail oder telefonisch kontaktieren. Zahlung Die Zahlung ist nur bar m\u00f6glich. Wir akzeptieren CHF und EUR. \u00dcbernachtung &amp; Halbpension Der [&hellip;]<\/p>\n","protected":false},"author":2,"featured_media":0,"parent":0,"menu_order":0,"comment_status":"closed","ping_status":"closed","template":"","meta":{"pgc_sgb_lightbox_settings":"","footnotes":""},"class_list":["post-227","page","type-page","status-publish","hentry"],"_links":{"self":[{"href":"https:\/\/capannamotterascio.casticino.ch\/index.php?rest_route=\/wp\/v2\/pages\/227","targetHints":{"allow":["GET"]}}],"collection":[{"href":"https:\/\/capannamotterascio.casticino.ch\/index.php?rest_route=\/wp\/v2\/pages"}],"about":[{"href":"https:\/\/capannamotterascio.casticino.ch\/index.php?rest_route=\/wp\/v2\/types\/page"}],"author":[{"embeddable":true,"href":"https:\/\/capannamotterascio.casticino.ch\/index.php?rest_route=\/wp\/v2\/users\/2"}],"replies":[{"embeddable":true,"href":"https:\/\/capannamotterascio.casticino.ch\/index.php?rest_route=%2Fwp%2Fv2%2Fcomments&post=227"}],"version-history":[{"count":16,"href":"https:\/\/capannamotterascio.casticino.ch\/index.php?rest_route=\/wp\/v2\/pages\/227\/revisions"}],"predecessor-version":[{"id":790,"href":"https:\/\/capannamotterascio.casticino.ch\/index.php?rest_route=\/wp\/v2\/pages\/227\/revisions\/790"}],"wp:attachment":[{"href":"https:\/\/capannamotterascio.casticino.ch\/index.php?rest_route=%2Fwp%2Fv2%2Fmedia&parent=227"}],"curies":[{"name":"wp","href":"https:\/\/api.w.org\/{rel}","templated":true}]}}