{"id":215,"date":"2024-05-29T07:07:50","date_gmt":"2024-05-29T07:07:50","guid":{"rendered":"https:\/\/staging.capannamotterascio.casticino.ch\/?page_id=215"},"modified":"2026-01-28T14:14:12","modified_gmt":"2026-01-28T14:14:12","slug":"accessi-de","status":"publish","type":"page","link":"https:\/\/capannamotterascio.casticino.ch\/?page_id=215&lang=de","title":{"rendered":"ACCESSI &#8211; DE"},"content":{"rendered":"\n<h3 class=\"wp-block-heading\">Wie man die H\u00fctte erreicht<\/h3>\n\n\n\n<div style=\"height:30px\" aria-hidden=\"true\" class=\"wp-block-spacer\"><\/div>\n\n\n\n<p>Im Sommer ist die H\u00fctte bequem zu Fuss erreichbar und die meisten Wanderwege sind auch f\u00fcr Familien geeignet.<br>Im Winter kann die H\u00fctte mit Skiern \u00fcber das Val Camadra erreicht werden. Der Zugang erfordert jedoch sichere Schneeverh\u00e4ltnisse ist nur begehbar, wenn die Seitenh\u00e4nge von den Lawinen entladen sind!<\/p>\n\n\n\n<div style=\"height:40px\" aria-hidden=\"true\" class=\"wp-block-spacer\"><\/div>\n\n\n\n<h4 class=\"wp-block-heading\"><strong>Lage<\/strong><\/h4>\n\n\n\n<ul class=\"wp-block-list\">\n<li>Alpe Motterascio, Valle di Blenio<\/li>\n\n\n\n<li>Altitudine: 2172m<\/li>\n\n\n\n<li>CNS 1:25\u2019000 &#8211; foglio 1233 Greina<\/li>\n\n\n\n<li>Carta scialpinistica &#8211; foglio 256S<\/li>\n\n\n\n<li>Coordinate: 720.075\/161.425<\/li>\n<\/ul>\n\n\n\n<div style=\"height:40px\" aria-hidden=\"true\" class=\"wp-block-spacer\"><\/div>\n\n\n\n<h4 class=\"wp-block-heading\"><strong>Transport<\/strong><\/h4>\n\n\n\n<div style=\"height:30px\" aria-hidden=\"true\" class=\"wp-block-spacer\"><\/div>\n\n\n\n<p><strong>Mit \u00f6ffentlichen Verkehrsmitteln<\/strong><\/p>\n\n\n\n<ul class=\"wp-block-list\">\n<li>Mit Zug und Bus bis \u201eGhirone, Aquilesco\u201c (Fahrpl\u00e4ne auf der <a href=\"https:\/\/www.sbb.ch\/de\" data-type=\"link\" data-id=\"https:\/\/www.sbb.ch\/de\">SBB<\/a>-Website)<\/li>\n\n\n\n<li>Es ist m\u00f6glich, mit dem <a href=\"https:\/\/busalpin.ch\/regionen\/greina\/sommer\" data-type=\"link\" data-id=\"https:\/\/busalpin.ch\/regionen\/greina\/sommer\">BusAlpin<\/a> der <a href=\"https:\/\/www.autolinee.ch\/home-page\/?no_cache=1\" data-type=\"link\" data-id=\"https:\/\/www.autolinee.ch\/home-page\/?no_cache=1\">Autolinee Bleniesi<\/a> bis zu den Haltestellen \u201eLago di Luzzone\u201c oder \u201ePian Geir\u00e8tt\u201c weiterzufahren. Der Service ist im Juli und August t\u00e4glich in Betrieb, im September jedoch nur an den Wochenenden.<\/li>\n<\/ul>\n\n\n\n<p><strong>Mit dem Auto<\/strong><\/p>\n\n\n\n<ul class=\"wp-block-list\">\n<li>Autobahn A2 bis Biasca, Ausfahrt Richtung Lukmanierpass, weiterfahren bis Campo Blenio\/Ghirone.<\/li>\n\n\n\n<li>In Richtung Luzzone-Stausee hinauffahren und dem See bis zur Alpe di Garzott entlangfahren.<\/li>\n<\/ul>\n\n\n<div class=\"wp-block-image\">\n<figure class=\"aligncenter size-large is-resized\"><img loading=\"lazy\" decoding=\"async\" width=\"1024\" height=\"697\" src=\"https:\/\/capannamotterascio.casticino.ch\/wp-content\/uploads\/2026\/01\/Mappa-1-1024x697.png\" alt=\"\" class=\"wp-image-672\" style=\"aspect-ratio:1.4691735898557061;width:566px;height:auto\" srcset=\"https:\/\/capannamotterascio.casticino.ch\/wp-content\/uploads\/2026\/01\/Mappa-1-1024x697.png 1024w, https:\/\/capannamotterascio.casticino.ch\/wp-content\/uploads\/2026\/01\/Mappa-1-300x204.png 300w, https:\/\/capannamotterascio.casticino.ch\/wp-content\/uploads\/2026\/01\/Mappa-1-768x523.png 768w, https:\/\/capannamotterascio.casticino.ch\/wp-content\/uploads\/2026\/01\/Mappa-1.png 1450w\" sizes=\"auto, (max-width: 1024px) 100vw, 1024px\" \/><\/figure>\n<\/div>\n\n\n<p><strong>Mit dem Taxi<\/strong><\/p>\n\n\n\n<ul class=\"wp-block-list\">\n<li>Taxi Poglia Mirko (Olivone) <a href=\"tel:0041794440712\">+41 (0)79 444 07 12<\/a><\/li>\n\n\n\n<li><a href=\"https:\/\/www.taxiriviera.ch\/\" data-type=\"link\" data-id=\"https:\/\/www.taxiriviera.ch\/\">Taxi Riviera<\/a> (Biasca) <a href=\"tel:0041794136868\">+41 (0)79 413 68 68<\/a><\/li>\n<\/ul>\n\n\n\n<div style=\"height:40px\" aria-hidden=\"true\" class=\"wp-block-spacer\"><\/div>\n\n\n\n<h4 class=\"wp-block-heading\">Parkm\u00f6glichkeiten<\/h4>\n\n\n\n<div style=\"height:30px\" aria-hidden=\"true\" class=\"wp-block-spacer\"><\/div>\n\n\n\n<p><strong>Parkplatz Ghirone\u2013Aquilesco<\/strong><\/p>\n\n\n\n<p>F\u00fcr eine Rundwanderung in der Greina-Ebene befindet sich ein kostenloser Parkplatz am Ortseingang von Ghirone \u2013 ideal, um mit dem <a href=\"https:\/\/busalpin.ch\/regionen\/greina\/sommer\" data-type=\"link\" data-id=\"https:\/\/busalpin.ch\/regionen\/greina\/sommer\">BusAlpin<\/a> weiter zu fahren in Richtung Luzzone-Staumauer (direkter Weg zur Capanna Michela Motterascio) oder Pian Geir\u00e8tt (via Capanna Scaletta\/ Greina-Ebene ).<\/p>\n\n\n\n<p>\u00d6ffentliche Toiletten stehen zur Verf\u00fcgung.<\/p>\n\n\n\n<iframe src=\"https:\/\/www.google.com\/maps\/embed?pb=!1m18!1m12!1m3!1d4076.559568151696!2d8.941118079449845!3d46.56062165897584!2m3!1f0!2f0!3f0!3m2!1i1024!2i768!4f13.1!3m3!1m2!1s0x478505dfab79d9ad%3A0xfa432395d7535e5b!2sWanderparkplatz%20bei%20Bushaltestelle!5e1!3m2!1sit!2sch!4v1769591036379!5m2!1sit!2sch\" width=\"600\" height=\"600\" style=\"border:0;\" allowfullscreen=\"\" loading=\"lazy\" referrerpolicy=\"no-referrer-when-downgrade\"><\/iframe>\n\n\n\n<div style=\"height:30px\" aria-hidden=\"true\" class=\"wp-block-spacer\"><\/div>\n\n\n\n<p><strong>Parkplatz Luzzone-Stausee<\/strong><\/p>\n\n\n\n<p>Kostenloser Parkplatz bei der Luzzone-Stausee. Von hier aus ist es m\u00f6glich, zu Fuss entlang der Stausee bis zur Alpe Garzott zu gehen und anschliessend in Richtung der H\u00fctte weiterzuwandern.<\/p>\n\n\n\n<p>Am Parkplatz stehen \u00f6ffentliche Toiletten zur Verf\u00fcgung; in unmittelbarer N\u00e4he befindet sich zudem das Restaurant Luzzone, das in der Regel von April bis Oktober ge\u00f6ffnet ist.<\/p>\n\n\n\n<p>\u00dcbernachtungen mit Wohnmobilen auf dem Parkplatzgel\u00e4nde sind erlaubt. Weitere Informationen finden Sie auf der Website <a href=\"https:\/\/www.parknsleep.app\/ps\/96925834\" data-type=\"link\" data-id=\"https:\/\/www.parknsleep.app\/ps\/96925834\">ParknSleep<\/a>.<\/p>\n\n\n\n<iframe src=\"https:\/\/www.google.com\/maps\/embed?pb=!1m18!1m12!1m3!1d1388.3289630510094!2d8.96359181292464!3d46.566324378815516!2m3!1f0!2f0!3f0!3m2!1i1024!2i768!4f13.1!3m3!1m2!1s0x4785040eb32cc1b3%3A0xee736643eae8374f!2sParcheggio%20Diga%20del%20Luzzone!5e1!3m2!1sit!2sch!4v1769592320776!5m2!1sit!2sch\" width=\"600\" height=\"600\" style=\"border:0;\" allowfullscreen=\"\" loading=\"lazy\" referrerpolicy=\"no-referrer-when-downgrade\"><\/iframe>\n\n\n\n<div style=\"height:30px\" aria-hidden=\"true\" class=\"wp-block-spacer\"><\/div>\n\n\n\n<p><strong>Parkplatz Alpe Garzott<\/strong><\/p>\n\n\n\n<p>Es ist m\u00f6glich, mit dem Auto die Schotterstrasse bis zur Alpe Garzott am Ende des Luzzone-Stausee zu fahren. Vor der Alp stehen nur wenige Parkpl\u00e4tze zur Verf\u00fcgung; aufgrund der begrenzten Anzahl empfehlen wir, fr\u00fch anzukommen, das Auto bei der Staumauer zu lassen oder Fahrgemeinschaften zu bilden.<\/p>\n\n\n\n<p>An der Alp kann zudem lokaler K\u00e4se von hervorragender Qualit\u00e4t erworben werden.<\/p>\n\n\n\n<div style=\"height:40px\" aria-hidden=\"true\" class=\"wp-block-spacer\"><\/div>\n\n\n\n<h4 class=\"wp-block-heading\">Sommerzug\u00e4nge<\/h4>\n\n\n\n<ul class=\"wp-block-list\">\n<li>Vom Luzzone-See, Alpe Garzott: 2 Stunden<\/li>\n\n\n\n<li>Vom Luzzone-See, Staumauer: 3.5 Stunden<\/li>\n\n\n\n<li>Von Ghirone via Lago di Luzzone: 4.5 Stunden<\/li>\n\n\n\n<li>Von Ghirone via Val Camadra: 6 Stunden<\/li>\n\n\n\n<li>Von Pian Geir\u00e8tt: 3.5 Stunden<\/li>\n\n\n\n<li>Von Vrin: 5 Stunden<\/li>\n\n\n\n<li>Von Vals: 7-8 Stunden<\/li>\n<\/ul>\n\n\n\n<div style=\"height:40px\" aria-hidden=\"true\" class=\"wp-block-spacer\"><\/div>\n\n\n\n<h4 class=\"wp-block-heading\">Tourenvorschl\u00e4ge<\/h4>\n\n\n\n<div style=\"height:30px\" aria-hidden=\"true\" class=\"wp-block-spacer\"><\/div>\n\n\n\n<p>Unter der Seite&nbsp;<strong><a href=\"https:\/\/capannamotterascio.casticino.ch\/?page_id=217&amp;lang=de\">Aktivit\u00e4ten<\/a><\/strong>&nbsp;schlagen wir euch einige Routen und Sehensw\u00fcrdigkeiten vor, welche ihr an einem Tag oder auch auf mehrere Tage verteilt entdecken k\u00f6nnt.<\/p>\n\n\n\n<div style=\"height:40px\" aria-hidden=\"true\" class=\"wp-block-spacer\"><\/div>\n\n\n\n<h4 class=\"wp-block-heading\"><strong>\u00dcberquerung zu anderen H\u00fctten:<\/strong><\/h4>\n\n\n\n<ul class=\"wp-block-list\">\n<li><a href=\"https:\/\/www.terrihuette.ch\/\" target=\"_blank\" rel=\"noreferrer noopener\">Terrih\u00fctte<\/a>&nbsp;(2170m): 2.5 Std.<\/li>\n\n\n\n<li><a href=\"https:\/\/www.satlucomagno.ch\/wordpress\/capanna-scaletta\/\" target=\"_blank\" rel=\"noreferrer noopener\">Capanna Scaletta<\/a>&nbsp;(2200m): 2 Std.<\/li>\n\n\n\n<li><a href=\"http:\/\/www.capannabovarina.ch\/\" target=\"_blank\" rel=\"noreferrer noopener\">Capanna Bovarina<\/a>&nbsp;(1870m): 5 Std.<\/li>\n\n\n\n<li><a href=\"http:\/\/capannaadula.casticino.ch\/\" target=\"_blank\" rel=\"noreferrer noopener\">Capanna Adula (CAS)<\/a>&nbsp;(2000m): 5 Std.<\/li>\n\n\n\n<li><a href=\"http:\/\/adula-utoe.ch\/\" target=\"_blank\" rel=\"noreferrer noopener\">Capanna Adula (UTOE)<\/a>&nbsp;(2393m): 6 Std.<\/li>\n\n\n\n<li><a href=\"https:\/\/www.medelserhuette.ch\/aktuell\/news\/\" target=\"_blank\" rel=\"noreferrer noopener\">Camona da Medel<\/a>&nbsp;(2524m): 6 Std.<\/li>\n\n\n\n<li><a href=\"http:\/\/laentahuette.ch\/de\/startseite.html\" target=\"_blank\" rel=\"noreferrer noopener\">L\u00e4ntah\u00fctte<\/a>&nbsp;(2090m): 7 Std.<\/li>\n\n\n\n<li><a href=\"https:\/\/www.rifugioscaradra.ch\/de\/\" data-type=\"link\" data-id=\"https:\/\/www.rifugioscaradra.ch\/\">Rifugio Scaradra<\/a> (2173m): 3 Std.<\/li>\n<\/ul>\n\n\n\n<div style=\"height:40px\" aria-hidden=\"true\" class=\"wp-block-spacer\"><\/div>\n\n\n\n<h4 class=\"wp-block-heading\">Routenkarte<\/h4>\n\n\n\n<ul class=\"wp-block-list\">\n<li>Link zu <a href=\"https:\/\/map.schweizmobil.ch\/?lang=it&amp;showLogin=true&amp;bgLayer=pk&amp;season=summer&amp;resolution=10&amp;E=2720474&amp;N=1161992&amp;layers=Wanderland%2CStation%2CAccomodation\" target=\"_blank\" rel=\"noreferrer noopener\">SchweizMobil<\/a><\/li>\n<\/ul>\n\n\n\n<div> <iframe loading=\"lazy\" style=\"border: none; position: relative; width: 100%; height: 1000px;\" src=\"https:\/\/map.schweizmobil.ch\/?lang=it&#038;showLogin=true&#038;bgLayer=pk&#038;season=summer&#038;resolution=10&#038;E=2720474&#038;N=1161992&#038;layers=Wanderland%2CStation%2CAccomodation\" name=\"Cartina_svizzeramobile\" width=\"1000\" height=\"500\">\n<p>Il tuo browser non supporta gli iframe<\/p>\n<p>&nbsp;<\/p><\/iframe>\n<\/div>\n\n\n\n<div style=\"height:40px\" aria-hidden=\"true\" class=\"wp-block-spacer\"><\/div>\n\n\n\n<h4 class=\"wp-block-heading\"><strong>Winterzugang<\/strong><\/h4>\n\n\n\n<ul class=\"wp-block-list\">\n<li>Von Ghirone \u00fcber das Val Camadra, Pian Geir\u00e8tt und Passo della Greina 5-6 Stunden.<\/li>\n<\/ul>\n\n\n\n<p>Achtung: nur mit sicheren Schneeverh\u00e4ltnissen begehbar und erst wenn die Seitenh\u00e4nge von den Lawinen entladen sind.<\/p>\n\n\n\n<div style=\"height:40px\" aria-hidden=\"true\" class=\"wp-block-spacer\"><\/div>\n\n\n\n<p><\/p>\n","protected":false},"excerpt":{"rendered":"<p>Wie man die H\u00fctte erreicht Im Sommer ist die H\u00fctte bequem zu Fuss erreichbar und die meisten Wanderwege sind auch f\u00fcr Familien geeignet.Im Winter kann die H\u00fctte mit Skiern \u00fcber das Val Camadra erreicht werden. Der Zugang erfordert jedoch sichere Schneeverh\u00e4ltnisse ist nur begehbar, wenn die Seitenh\u00e4nge von den Lawinen entladen sind! Lage Transport Mit [&hellip;]<\/p>\n","protected":false},"author":2,"featured_media":0,"parent":0,"menu_order":0,"comment_status":"closed","ping_status":"closed","template":"","meta":{"pgc_sgb_lightbox_settings":"","footnotes":""},"class_list":["post-215","page","type-page","status-publish","hentry"],"_links":{"self":[{"href":"https:\/\/capannamotterascio.casticino.ch\/index.php?rest_route=\/wp\/v2\/pages\/215","targetHints":{"allow":["GET"]}}],"collection":[{"href":"https:\/\/capannamotterascio.casticino.ch\/index.php?rest_route=\/wp\/v2\/pages"}],"about":[{"href":"https:\/\/capannamotterascio.casticino.ch\/index.php?rest_route=\/wp\/v2\/types\/page"}],"author":[{"embeddable":true,"href":"https:\/\/capannamotterascio.casticino.ch\/index.php?rest_route=\/wp\/v2\/users\/2"}],"replies":[{"embeddable":true,"href":"https:\/\/capannamotterascio.casticino.ch\/index.php?rest_route=%2Fwp%2Fv2%2Fcomments&post=215"}],"version-history":[{"count":12,"href":"https:\/\/capannamotterascio.casticino.ch\/index.php?rest_route=\/wp\/v2\/pages\/215\/revisions"}],"predecessor-version":[{"id":731,"href":"https:\/\/capannamotterascio.casticino.ch\/index.php?rest_route=\/wp\/v2\/pages\/215\/revisions\/731"}],"wp:attachment":[{"href":"https:\/\/capannamotterascio.casticino.ch\/index.php?rest_route=%2Fwp%2Fv2%2Fmedia&parent=215"}],"curies":[{"name":"wp","href":"https:\/\/api.w.org\/{rel}","templated":true}]}}