{"id":16,"date":"2024-01-30T07:45:52","date_gmt":"2024-01-30T07:45:52","guid":{"rendered":"https:\/\/staging.capannamotterascio.casticino.ch\/?page_id=16"},"modified":"2026-01-28T15:22:50","modified_gmt":"2026-01-28T15:22:50","slug":"attivita","status":"publish","type":"page","link":"https:\/\/capannamotterascio.casticino.ch\/?page_id=16","title":{"rendered":"ATTIVIT\u00c0"},"content":{"rendered":"\n<h2 class=\"wp-block-heading\">La Greina \u00e8 molte cose<\/h2>\n\n\n\n<div style=\"height:49px\" aria-hidden=\"true\" class=\"wp-block-spacer\"><\/div>\n\n\n\n<p>La Greina \u00e8&#8230;<\/p>\n\n\n\n<p>\u2026un&nbsp;<strong>altipiano<\/strong>&nbsp;unico nel suo genere che collega il Canton Ticino e il Cantone dei Grigioni, estendendosi per quasi 6 km di lunghezza e uno di larghezza a un\u2019altitudine di oltre 2200 m.<\/p>\n\n\n\n<p>\u2026una&nbsp;<strong>tundra alpina protetta<\/strong>, inserita nell\u2019Inventario federale dei paesaggi, siti e monumenti naturali di importanza nazionale.<\/p>\n\n\n\n<p>\u2026una regione intatta e incontaminata, i cui unici segni di presenza dell\u2019Uomo sono il Crap la Crusch (sasso della croce) e il Pass Crap, dove una croce in ferro ci ricorda che gi\u00e0 in&nbsp;<strong>epoca romana e nel Medioevo<\/strong>&nbsp;la Greina era via di transito e zona di pascolo.<\/p>\n\n\n\n<p>\u2026origine di numerose&nbsp;<strong>sorgenti<\/strong>&nbsp;con tanti piccoli ruscelli che scorrono liberi sul piano, formando meandri, lanche e paludi, nonch\u00e9&nbsp;<strong>spartiacque continentale<\/strong>, che indirizza il Brenno della Greina verso il Mediterraneo e il Rein da Sumvitg (Reno di Somvix) verso il Mare del Nord.<\/p>\n\n\n\n<p>\u2026la regina dei&nbsp;<strong>contrasti<\/strong>, dove il bianco dei ghiacciai si alterna con il nero degli argilloscisti e calcescisti e il verde della tundra; dove gli irti dirupi di cime come il Piz Terri o il Valdraus incontrano i morbidi cuscinetti erbosi formati dai cicli di gelo e disgelo; dove i miracolosi pinnacoli della zona carsica incontrano le rocce montonate, levigate dai ghiacciai.<\/p>\n\n\n\n<p>\u2026la culla di innumerevoli particolarit\u00e0 e incredibili&nbsp;<strong>fenomeni naturalistici<\/strong>&nbsp;come il famoso arco naturale in pietra di una quarantina di metri, i meandri e le torbiere, i pinnacoli, le doline e i cunicoli sotterranei\u2026<\/p>\n\n\n\n<div style=\"height:49px\" aria-hidden=\"true\" class=\"wp-block-spacer\"><\/div>\n\n\n\n<p>La Greina \u00e8 molte cose e con il suo fascino sa sedurre ogni singolo visitatore, anche colui che la percorre in un solo giorno.<\/p>\n\n\n\n<p><strong>Ma se davvero volete vivere appieno l\u2019incanto, perdervi o ritrovarvi nella magia e poesia di questo luogo\u2026 \u00e8 vivamente consigliata una permanenza di 2 (o pi\u00f9) giorni!<\/strong><\/p>\n\n\n\n<p>Alla pagina <a href=\"https:\/\/staging.capannamotterascio.casticino.ch\/?page_id=20\">Escursioni<\/a> vi proponiamo alcuni itinerari e particolarit\u00e0 da scoprire in uno o pi\u00f9 giorni. Per qualsiasi approfondimento non esitate a contattarci o a chiederci pi\u00f9 informazioni una volta arrivati in capanna!<\/p>\n\n\n\n<div style=\"height:49px\" aria-hidden=\"true\" class=\"wp-block-spacer\"><\/div>\n\n\n\n<div class=\"wp-block-stackable-feature-grid alignwide stk-block-feature-grid stk-block-columns stk-block stk-b0ff95e is-style-default\" data-block-id=\"b0ff95e\"><div class=\"stk-row stk-inner-blocks has-text-align-center stk-block-content stk-content-align stk-b0ff95e-column alignwide\">\n<div class=\"wp-block-stackable-column stk-block-column stk-column stk-block stk-8b51c86\" data-v=\"4\" data-block-id=\"8b51c86\"><div class=\"stk-column-wrapper stk-block-column__content stk-container stk-8b51c86-container stk-hover-parent\"><div class=\"stk-block-content stk-inner-blocks stk-8b51c86-inner-blocks\">\n<div class=\"wp-block-stackable-image stk-block-image stk-block stk-d9bb70d\" data-block-id=\"d9bb70d\"><style>.stk-d9bb70d .stk-img-wrapper{width:92% !important;height:210px !important;}<\/style><figure><span class=\"stk-img-wrapper stk-image--shape-stretch\"><img loading=\"lazy\" decoding=\"async\" class=\"stk-img wp-image-244\" src=\"https:\/\/staging.capannamotterascio.casticino.ch\/wp-content\/uploads\/2024\/06\/att_01.jpg\" width=\"250\" height=\"188\"\/><\/span><\/figure><\/div>\n\n\n\n<div class=\"wp-block-stackable-heading stk-block-heading stk-block-heading--v2 stk-block stk-4750f15\" id=\"il-giro-della-greina-1-giorno\" data-block-id=\"4750f15\"><h3 class=\"stk-block-heading__text\">Il giro della Greina (1 giorno)<\/h3><\/div>\n\n\n\n<div class=\"wp-block-stackable-text stk-block-text stk-block stk-e5fe4c2\" data-block-id=\"e5fe4c2\"><p class=\"stk-block-text__text\"><\/p><\/div>\n\n\n\n<div class=\"wp-block-stackable-button-group stk-block-button-group stk-block stk-bbf2d2d\" data-block-id=\"bbf2d2d\"><div class=\"stk-row stk-inner-blocks stk-block-content stk-button-group\">\n<div class=\"wp-block-stackable-button stk-block-button stk-block stk-d4d6243\" data-block-id=\"d4d6243\"><style>.stk-d4d6243 .stk-button{background:#477081 !important;}<\/style><a class=\"stk-link stk-button stk--hover-effect-darken\" href=\"https:\/\/staging.capannamotterascio.casticino.ch\/?page_id=265\" rel=\"noreferrer noopener\"><span class=\"stk-button__inner-text\">CONTINUA&#8230;<\/span><\/a><\/div>\n<\/div><\/div>\n<\/div><\/div><\/div>\n\n\n\n<div class=\"wp-block-stackable-column stk-block-column stk-column stk-block stk-d236663\" data-v=\"4\" data-block-id=\"d236663\"><div class=\"stk-column-wrapper stk-block-column__content stk-container stk-d236663-container stk-hover-parent\"><div class=\"stk-block-content stk-inner-blocks stk-d236663-inner-blocks\">\n<div class=\"wp-block-stackable-image stk-block-image stk-block stk-2f17abe\" data-block-id=\"2f17abe\"><figure><span class=\"stk-img-wrapper stk-image--shape-stretch\"><img loading=\"lazy\" decoding=\"async\" class=\"stk-img wp-image-245\" src=\"https:\/\/staging.capannamotterascio.casticino.ch\/wp-content\/uploads\/2024\/06\/att_02.jpg\" width=\"250\" height=\"188\"\/><\/span><\/figure><\/div>\n\n\n\n<div class=\"wp-block-stackable-heading stk-block-heading stk-block-heading--v2 stk-block stk-b8e2c8f\" id=\"5-proposte-per-gite-dalla-capanna-2-giorni\" data-block-id=\"b8e2c8f\"><h3 class=\"stk-block-heading__text\">5 proposte per gite dalla capanna (2 giorni)<\/h3><\/div>\n\n\n\n<div class=\"wp-block-stackable-text stk-block-text stk-block stk-67232ce\" data-block-id=\"67232ce\"><p class=\"stk-block-text__text\"><\/p><\/div>\n\n\n\n<div class=\"wp-block-stackable-button-group stk-block-button-group stk-block stk-b5e595f\" data-block-id=\"b5e595f\"><div class=\"stk-row stk-inner-blocks stk-block-content stk-button-group\">\n<div class=\"wp-block-stackable-button stk-block-button stk-block stk-ca0b7de\" data-block-id=\"ca0b7de\"><style>.stk-ca0b7de .stk-button{background:#477081 !important;}<\/style><a class=\"stk-link stk-button stk--hover-effect-darken\" href=\"https:\/\/staging.capannamotterascio.casticino.ch\/?page_id=248\" rel=\"noreferrer noopener\"><span class=\"stk-button__inner-text\">CONTINUA&#8230;<\/span><\/a><\/div>\n<\/div><\/div>\n<\/div><\/div><\/div>\n\n\n\n<div class=\"wp-block-stackable-column stk-block-column stk-column stk-block stk-941cef7\" data-v=\"4\" data-block-id=\"941cef7\"><div class=\"stk-column-wrapper stk-block-column__content stk-container stk-941cef7-container stk-hover-parent\"><div class=\"stk-block-content stk-inner-blocks stk-941cef7-inner-blocks\">\n<div class=\"wp-block-stackable-image stk-block-image stk-block stk-de6ce2b\" data-block-id=\"de6ce2b\"><figure><span class=\"stk-img-wrapper stk-image--shape-stretch\"><img loading=\"lazy\" decoding=\"async\" class=\"stk-img wp-image-243\" src=\"https:\/\/staging.capannamotterascio.casticino.ch\/wp-content\/uploads\/2024\/06\/att_03.jpg\" width=\"250\" height=\"188\"\/><\/span><\/figure><\/div>\n\n\n\n<div class=\"wp-block-stackable-heading stk-block-heading stk-block-heading--v2 stk-block stk-a3b73be\" id=\"trekking-greina-alta-3-giorni\" data-block-id=\"a3b73be\"><h3 class=\"stk-block-heading__text\">Trekking Greina Alta (3 giorni)<\/h3><\/div>\n\n\n\n<div class=\"wp-block-stackable-text stk-block-text stk-block stk-8e16a17\" data-block-id=\"8e16a17\"><p class=\"stk-block-text__text\"><\/p><\/div>\n\n\n\n<div class=\"wp-block-stackable-button-group stk-block-button-group stk-block stk-102a03a\" data-block-id=\"102a03a\"><div class=\"stk-row stk-inner-blocks stk-block-content stk-button-group\">\n<div class=\"wp-block-stackable-button stk-block-button stk-block stk-aa8f98f\" data-block-id=\"aa8f98f\"><style>.stk-aa8f98f .stk-button{background:#477081 !important;}<\/style><a class=\"stk-link stk-button stk--hover-effect-darken\" href=\"https:\/\/staging.capannamotterascio.casticino.ch\/?page_id=273\" rel=\"noreferrer noopener\"><span class=\"stk-button__inner-text\">CONTINUA&#8230;<\/span><\/a><\/div>\n<\/div><\/div>\n<\/div><\/div><\/div>\n<\/div><\/div>\n","protected":false},"excerpt":{"rendered":"<p>La Greina \u00e8 molte cose La Greina \u00e8&#8230; \u2026un&nbsp;altipiano&nbsp;unico nel suo genere che collega il Canton Ticino e il Cantone dei Grigioni, estendendosi per quasi 6 km di lunghezza e uno di larghezza a un\u2019altitudine di oltre 2200 m. \u2026una&nbsp;tundra alpina protetta, inserita nell\u2019Inventario federale dei paesaggi, siti e monumenti naturali di importanza nazionale. \u2026una [&hellip;]<\/p>\n","protected":false},"author":2,"featured_media":0,"parent":0,"menu_order":0,"comment_status":"closed","ping_status":"closed","template":"","meta":{"pgc_sgb_lightbox_settings":"","footnotes":""},"class_list":["post-16","page","type-page","status-publish","hentry"],"_links":{"self":[{"href":"https:\/\/capannamotterascio.casticino.ch\/index.php?rest_route=\/wp\/v2\/pages\/16","targetHints":{"allow":["GET"]}}],"collection":[{"href":"https:\/\/capannamotterascio.casticino.ch\/index.php?rest_route=\/wp\/v2\/pages"}],"about":[{"href":"https:\/\/capannamotterascio.casticino.ch\/index.php?rest_route=\/wp\/v2\/types\/page"}],"author":[{"embeddable":true,"href":"https:\/\/capannamotterascio.casticino.ch\/index.php?rest_route=\/wp\/v2\/users\/2"}],"replies":[{"embeddable":true,"href":"https:\/\/capannamotterascio.casticino.ch\/index.php?rest_route=%2Fwp%2Fv2%2Fcomments&post=16"}],"version-history":[{"count":7,"href":"https:\/\/capannamotterascio.casticino.ch\/index.php?rest_route=\/wp\/v2\/pages\/16\/revisions"}],"predecessor-version":[{"id":734,"href":"https:\/\/capannamotterascio.casticino.ch\/index.php?rest_route=\/wp\/v2\/pages\/16\/revisions\/734"}],"wp:attachment":[{"href":"https:\/\/capannamotterascio.casticino.ch\/index.php?rest_route=%2Fwp%2Fv2%2Fmedia&parent=16"}],"curies":[{"name":"wp","href":"https:\/\/api.w.org\/{rel}","templated":true}]}}

ATTIVITÀ

<h2 class="wp-block-heading">La Greina è molte cose</h2>



<div style="height:49px" aria-hidden="true" class="wp-block-spacer"></div>



<p>La Greina è&#8230;</p>



<p>…un&nbsp;<strong>altipiano</strong>&nbsp;unico nel suo genere che collega il Canton Ticino e il Cantone dei Grigioni, estendendosi per quasi 6 km di lunghezza e uno di larghezza a un’altitudine di oltre 2200 m.</p>



<p>…una&nbsp;<strong>tundra alpina protetta</strong>, inserita nell’Inventario federale dei paesaggi, siti e monumenti naturali di importanza nazionale.</p>



<p>…una regione intatta e incontaminata, i cui unici segni di presenza dell’Uomo sono il Crap la Crusch (sasso della croce) e il Pass Crap, dove una croce in ferro ci ricorda che già in&nbsp;<strong>epoca romana e nel Medioevo</strong>&nbsp;la Greina era via di transito e zona di pascolo.</p>



<p>…origine di numerose&nbsp;<strong>sorgenti</strong>&nbsp;con tanti piccoli ruscelli che scorrono liberi sul piano, formando meandri, lanche e paludi, nonché&nbsp;<strong>spartiacque continentale</strong>, che indirizza il Brenno della Greina verso il Mediterraneo e il Rein da Sumvitg (Reno di Somvix) verso il Mare del Nord.</p>



<p>…la regina dei&nbsp;<strong>contrasti</strong>, dove il bianco dei ghiacciai si alterna con il nero degli argilloscisti e calcescisti e il verde della tundra; dove gli irti dirupi di cime come il Piz Terri o il Valdraus incontrano i morbidi cuscinetti erbosi formati dai cicli di gelo e disgelo; dove i miracolosi pinnacoli della zona carsica incontrano le rocce montonate, levigate dai ghiacciai.</p>



<p>…la culla di innumerevoli particolarità e incredibili&nbsp;<strong>fenomeni naturalistici</strong>&nbsp;come il famoso arco naturale in pietra di una quarantina di metri, i meandri e le torbiere, i pinnacoli, le doline e i cunicoli sotterranei…</p>



<div style="height:49px" aria-hidden="true" class="wp-block-spacer"></div>



<p>La Greina è molte cose e con il suo fascino sa sedurre ogni singolo visitatore, anche colui che la percorre in un solo giorno.</p>



<p><strong>Ma se davvero volete vivere appieno l’incanto, perdervi o ritrovarvi nella magia e poesia di questo luogo… è vivamente consigliata una permanenza di 2 (o più) giorni!</strong></p>



<p>Alla pagina <a href="https://staging.capannamotterascio.casticino.ch/?page_id=20">Escursioni</a> vi proponiamo alcuni itinerari e particolarità da scoprire in uno o più giorni. Per qualsiasi approfondimento non esitate a contattarci o a chiederci più informazioni una volta arrivati in capanna!</p>



<div style="height:49px" aria-hidden="true" class="wp-block-spacer"></div>



<div class="wp-block-stackable-feature-grid alignwide stk-block-feature-grid stk-block-columns stk-block stk-b0ff95e is-style-default" data-block-id="b0ff95e"><div class="stk-row stk-inner-blocks has-text-align-center stk-block-content stk-content-align stk-b0ff95e-column alignwide">
<div class="wp-block-stackable-column stk-block-column stk-column stk-block stk-8b51c86" data-v="4" data-block-id="8b51c86"><div class="stk-column-wrapper stk-block-column__content stk-container stk-8b51c86-container stk-hover-parent"><div class="stk-block-content stk-inner-blocks stk-8b51c86-inner-blocks">
<div class="wp-block-stackable-image stk-block-image stk-block stk-d9bb70d" data-block-id="d9bb70d"><style>.stk-d9bb70d .stk-img-wrapper{width:92% !important;height:210px !important;}</style><figure><span class="stk-img-wrapper stk-image--shape-stretch"><img loading="lazy" decoding="async" class="stk-img wp-image-244" src="https://staging.capannamotterascio.casticino.ch/wp-content/uploads/2024/06/att_01.jpg" width="250" height="188"/></span></figure></div>



<div class="wp-block-stackable-heading stk-block-heading stk-block-heading--v2 stk-block stk-4750f15" id="il-giro-della-greina-1-giorno" data-block-id="4750f15"><h3 class="stk-block-heading__text">Il giro della Greina (1 giorno)</h3></div>



<div class="wp-block-stackable-text stk-block-text stk-block stk-e5fe4c2" data-block-id="e5fe4c2"><p class="stk-block-text__text"></p></div>



<div class="wp-block-stackable-button-group stk-block-button-group stk-block stk-bbf2d2d" data-block-id="bbf2d2d"><div class="stk-row stk-inner-blocks stk-block-content stk-button-group">
<div class="wp-block-stackable-button stk-block-button stk-block stk-d4d6243" data-block-id="d4d6243"><style>.stk-d4d6243 .stk-button{background:#477081 !important;}</style><a class="stk-link stk-button stk--hover-effect-darken" href="https://staging.capannamotterascio.casticino.ch/?page_id=265" rel="noreferrer noopener"><span class="stk-button__inner-text">CONTINUA&#8230;</span></a></div>
</div></div>
</div></div></div>



<div class="wp-block-stackable-column stk-block-column stk-column stk-block stk-d236663" data-v="4" data-block-id="d236663"><div class="stk-column-wrapper stk-block-column__content stk-container stk-d236663-container stk-hover-parent"><div class="stk-block-content stk-inner-blocks stk-d236663-inner-blocks">
<div class="wp-block-stackable-image stk-block-image stk-block stk-2f17abe" data-block-id="2f17abe"><figure><span class="stk-img-wrapper stk-image--shape-stretch"><img loading="lazy" decoding="async" class="stk-img wp-image-245" src="https://staging.capannamotterascio.casticino.ch/wp-content/uploads/2024/06/att_02.jpg" width="250" height="188"/></span></figure></div>



<div class="wp-block-stackable-heading stk-block-heading stk-block-heading--v2 stk-block stk-b8e2c8f" id="5-proposte-per-gite-dalla-capanna-2-giorni" data-block-id="b8e2c8f"><h3 class="stk-block-heading__text">5 proposte per gite dalla capanna (2 giorni)</h3></div>



<div class="wp-block-stackable-text stk-block-text stk-block stk-67232ce" data-block-id="67232ce"><p class="stk-block-text__text"></p></div>



<div class="wp-block-stackable-button-group stk-block-button-group stk-block stk-b5e595f" data-block-id="b5e595f"><div class="stk-row stk-inner-blocks stk-block-content stk-button-group">
<div class="wp-block-stackable-button stk-block-button stk-block stk-ca0b7de" data-block-id="ca0b7de"><style>.stk-ca0b7de .stk-button{background:#477081 !important;}</style><a class="stk-link stk-button stk--hover-effect-darken" href="https://staging.capannamotterascio.casticino.ch/?page_id=248" rel="noreferrer noopener"><span class="stk-button__inner-text">CONTINUA&#8230;</span></a></div>
</div></div>
</div></div></div>



<div class="wp-block-stackable-column stk-block-column stk-column stk-block stk-941cef7" data-v="4" data-block-id="941cef7"><div class="stk-column-wrapper stk-block-column__content stk-container stk-941cef7-container stk-hover-parent"><div class="stk-block-content stk-inner-blocks stk-941cef7-inner-blocks">
<div class="wp-block-stackable-image stk-block-image stk-block stk-de6ce2b" data-block-id="de6ce2b"><figure><span class="stk-img-wrapper stk-image--shape-stretch"><img loading="lazy" decoding="async" class="stk-img wp-image-243" src="https://staging.capannamotterascio.casticino.ch/wp-content/uploads/2024/06/att_03.jpg" width="250" height="188"/></span></figure></div>



<div class="wp-block-stackable-heading stk-block-heading stk-block-heading--v2 stk-block stk-a3b73be" id="trekking-greina-alta-3-giorni" data-block-id="a3b73be"><h3 class="stk-block-heading__text">Trekking Greina Alta (3 giorni)</h3></div>



<div class="wp-block-stackable-text stk-block-text stk-block stk-8e16a17" data-block-id="8e16a17"><p class="stk-block-text__text"></p></div>



<div class="wp-block-stackable-button-group stk-block-button-group stk-block stk-102a03a" data-block-id="102a03a"><div class="stk-row stk-inner-blocks stk-block-content stk-button-group">
<div class="wp-block-stackable-button stk-block-button stk-block stk-aa8f98f" data-block-id="aa8f98f"><style>.stk-aa8f98f .stk-button{background:#477081 !important;}</style><a class="stk-link stk-button stk--hover-effect-darken" href="https://staging.capannamotterascio.casticino.ch/?page_id=273" rel="noreferrer noopener"><span class="stk-button__inner-text">CONTINUA&#8230;</span></a></div>
</div></div>
</div></div></div>
</div></div>

<p>La Greina è molte cose La Greina è&#8230; …un&nbsp;altipiano&nbsp;unico nel suo genere che collega il Canton Ticino e il Cantone dei Grigioni, estendendosi per quasi 6 km di lunghezza e uno di larghezza a un’altitudine di oltre 2200 m. …una&nbsp;tundra alpina protetta, inserita nell’Inventario federale dei paesaggi, siti e monumenti naturali di importanza nazionale. …una [&hellip;]</p>
